


{"id":1755,"date":"2021-07-02T11:47:52","date_gmt":"2021-07-02T11:47:52","guid":{"rendered":"https:\/\/aktivtuteliv.se\/uppsala\/?page_id=1755"},"modified":"2024-11-30T11:50:21","modified_gmt":"2024-11-30T11:50:21","slug":"priser","status":"publish","type":"page","link":"https:\/\/aktivtuteliv.se\/uppsala\/priser\/","title":{"rendered":"Uthyrning &amp; priser"},"content":{"rendered":"\n<p><br>S\u00e5 h\u00e4r g\u00e5r det till: Antingen bokar du direkt h\u00e4r via hemsidan genom att v\u00e4lja produkt, v\u00e4lja datum och sedan betala online. D\u00e5 \u00e4r du garanterad bokningen direkt. Ett annat alternativ \u00e4r att ringa oss och boka per telefon <strong><a href=\"tel:018108804\">Tel. 018-10 88 04<\/a><\/strong> eller maila <strong><a href=\"mailto:uppsala@aktivtuteliv.nu\">uppsala@aktivtuteliv.se<\/a><\/strong> s\u00e5 svarar vi s\u00e5 snart vi kan.<\/p>\n\n\n\n<p><strong>Priser s\u00e4songshyra: <a href=\"https:\/\/aktivtuteliv.se\/uppsala\/sasongsuthyrning-skidor-alpinutrustning-uppsala\/\">https:\/\/aktivtuteliv.se\/uppsala\/sasongsuthyrning-skidor-alpinutrustning-uppsala\/<\/a><\/strong><\/p>\n","protected":false},"excerpt":{"rendered":"<p>S\u00e5 h\u00e4r g\u00e5r det till: Antingen bokar du direkt h\u00e4r via hemsidan genom att v\u00e4lja produkt, v\u00e4lja datum och sedan betala online. D\u00e5 \u00e4r du garanterad bokningen direkt. Ett annat [&hellip;]<\/p>\n","protected":false},"author":1,"featured_media":0,"parent":0,"menu_order":0,"comment_status":"closed","ping_status":"closed","template":"","meta":{"_acf_changed":true,"footnotes":""},"class_list":["post-1755","page","type-page","status-publish","hentry"],"acf":[],"yoast_head":"<!-- This site is optimized with the Yoast SEO plugin v23.0 - https:\/\/yoast.com\/wordpress\/plugins\/seo\/ -->\n<title>Uthyrning &amp; priser - Uppsala<\/title>\n<meta name=\"robots\" content=\"index, follow, max-snippet:-1, max-image-preview:large, max-video-preview:-1\" \/>\n<link rel=\"canonical\" href=\"https:\/\/aktivtuteliv.se\/uppsala\/priser\/\" \/>\n<meta property=\"og:locale\" content=\"sv_SE\" \/>\n<meta property=\"og:type\" content=\"article\" \/>\n<meta property=\"og:title\" content=\"Uthyrning &amp; priser - Uppsala\" \/>\n<meta property=\"og:description\" content=\"S\u00e5 h\u00e4r g\u00e5r det till: Antingen bokar du direkt h\u00e4r via hemsidan genom att v\u00e4lja produkt, v\u00e4lja datum och sedan betala online. D\u00e5 \u00e4r du garanterad bokningen direkt. Ett annat [&hellip;]\" \/>\n<meta property=\"og:url\" content=\"https:\/\/aktivtuteliv.se\/uppsala\/priser\/\" \/>\n<meta property=\"og:site_name\" content=\"Uppsala\" \/>\n<meta property=\"article:modified_time\" content=\"2024-11-30T11:50:21+00:00\" \/>\n<meta name=\"twitter:card\" content=\"summary_large_image\" \/>\n<meta name=\"twitter:label1\" content=\"Ber\u00e4knad l\u00e4stid\" \/>\n\t<meta name=\"twitter:data1\" content=\"1 minut\" \/>\n<script type=\"application\/ld+json\" class=\"yoast-schema-graph\">{\"@context\":\"https:\/\/schema.org\",\"@graph\":[{\"@type\":\"WebPage\",\"@id\":\"https:\/\/aktivtuteliv.se\/uppsala\/priser\/\",\"url\":\"https:\/\/aktivtuteliv.se\/uppsala\/priser\/\",\"name\":\"Uthyrning &amp; priser - Uppsala\",\"isPartOf\":{\"@id\":\"https:\/\/aktivtuteliv.se\/uppsala\/#website\"},\"datePublished\":\"2021-07-02T11:47:52+00:00\",\"dateModified\":\"2024-11-30T11:50:21+00:00\",\"breadcrumb\":{\"@id\":\"https:\/\/aktivtuteliv.se\/uppsala\/priser\/#breadcrumb\"},\"inLanguage\":\"sv-SE\",\"potentialAction\":[{\"@type\":\"ReadAction\",\"target\":[\"https:\/\/aktivtuteliv.se\/uppsala\/priser\/\"]}]},{\"@type\":\"BreadcrumbList\",\"@id\":\"https:\/\/aktivtuteliv.se\/uppsala\/priser\/#breadcrumb\",\"itemListElement\":[{\"@type\":\"ListItem\",\"position\":1,\"name\":\"Home\",\"item\":\"https:\/\/aktivtuteliv.se\/uppsala\/startsida-vinter\/\"},{\"@type\":\"ListItem\",\"position\":2,\"name\":\"Uthyrning &amp; priser\"}]},{\"@type\":\"WebSite\",\"@id\":\"https:\/\/aktivtuteliv.se\/uppsala\/#website\",\"url\":\"https:\/\/aktivtuteliv.se\/uppsala\/\",\"name\":\"Uppsala\",\"description\":\"Hyr sport- &amp; friluftsutrustning\",\"publisher\":{\"@id\":\"https:\/\/aktivtuteliv.se\/uppsala\/#organization\"},\"potentialAction\":[{\"@type\":\"SearchAction\",\"target\":{\"@type\":\"EntryPoint\",\"urlTemplate\":\"https:\/\/aktivtuteliv.se\/uppsala\/?s={search_term_string}\"},\"query-input\":\"required name=search_term_string\"}],\"inLanguage\":\"sv-SE\"},{\"@type\":\"Organization\",\"@id\":\"https:\/\/aktivtuteliv.se\/uppsala\/#organization\",\"name\":\"Uppsala\",\"url\":\"https:\/\/aktivtuteliv.se\/uppsala\/\",\"logo\":{\"@type\":\"ImageObject\",\"inLanguage\":\"sv-SE\",\"@id\":\"https:\/\/aktivtuteliv.se\/uppsala\/#\/schema\/logo\/image\/\",\"url\":\"https:\/\/e5gp8rwuod7.exactdn.com\/uppsala\/wp-content\/uploads\/sites\/3\/2021\/07\/image-1-2.png?strip=all&lossy=1&ssl=1\",\"contentUrl\":\"https:\/\/e5gp8rwuod7.exactdn.com\/uppsala\/wp-content\/uploads\/sites\/3\/2021\/07\/image-1-2.png?strip=all&lossy=1&ssl=1\",\"width\":200,\"height\":98,\"caption\":\"Uppsala\"},\"image\":{\"@id\":\"https:\/\/aktivtuteliv.se\/uppsala\/#\/schema\/logo\/image\/\"}}]}<\/script>\n<!-- \/ Yoast SEO plugin. -->","yoast_head_json":{"title":"Uthyrning &amp; priser - Uppsala","robots":{"index":"index","follow":"follow","max-snippet":"max-snippet:-1","max-image-preview":"max-image-preview:large","max-video-preview":"max-video-preview:-1"},"canonical":"https:\/\/aktivtuteliv.se\/uppsala\/priser\/","og_locale":"sv_SE","og_type":"article","og_title":"Uthyrning &amp; priser - Uppsala","og_description":"S\u00e5 h\u00e4r g\u00e5r det till: Antingen bokar du direkt h\u00e4r via hemsidan genom att v\u00e4lja produkt, v\u00e4lja datum och sedan betala online. D\u00e5 \u00e4r du garanterad bokningen direkt. Ett annat [&hellip;]","og_url":"https:\/\/aktivtuteliv.se\/uppsala\/priser\/","og_site_name":"Uppsala","article_modified_time":"2024-11-30T11:50:21+00:00","twitter_card":"summary_large_image","twitter_misc":{"Ber\u00e4knad l\u00e4stid":"1 minut"},"schema":{"@context":"https:\/\/schema.org","@graph":[{"@type":"WebPage","@id":"https:\/\/aktivtuteliv.se\/uppsala\/priser\/","url":"https:\/\/aktivtuteliv.se\/uppsala\/priser\/","name":"Uthyrning &amp; priser - Uppsala","isPartOf":{"@id":"https:\/\/aktivtuteliv.se\/uppsala\/#website"},"datePublished":"2021-07-02T11:47:52+00:00","dateModified":"2024-11-30T11:50:21+00:00","breadcrumb":{"@id":"https:\/\/aktivtuteliv.se\/uppsala\/priser\/#breadcrumb"},"inLanguage":"sv-SE","potentialAction":[{"@type":"ReadAction","target":["https:\/\/aktivtuteliv.se\/uppsala\/priser\/"]}]},{"@type":"BreadcrumbList","@id":"https:\/\/aktivtuteliv.se\/uppsala\/priser\/#breadcrumb","itemListElement":[{"@type":"ListItem","position":1,"name":"Home","item":"https:\/\/aktivtuteliv.se\/uppsala\/startsida-vinter\/"},{"@type":"ListItem","position":2,"name":"Uthyrning &amp; priser"}]},{"@type":"WebSite","@id":"https:\/\/aktivtuteliv.se\/uppsala\/#website","url":"https:\/\/aktivtuteliv.se\/uppsala\/","name":"Uppsala","description":"Hyr sport- &amp; friluftsutrustning","publisher":{"@id":"https:\/\/aktivtuteliv.se\/uppsala\/#organization"},"potentialAction":[{"@type":"SearchAction","target":{"@type":"EntryPoint","urlTemplate":"https:\/\/aktivtuteliv.se\/uppsala\/?s={search_term_string}"},"query-input":"required name=search_term_string"}],"inLanguage":"sv-SE"},{"@type":"Organization","@id":"https:\/\/aktivtuteliv.se\/uppsala\/#organization","name":"Uppsala","url":"https:\/\/aktivtuteliv.se\/uppsala\/","logo":{"@type":"ImageObject","inLanguage":"sv-SE","@id":"https:\/\/aktivtuteliv.se\/uppsala\/#\/schema\/logo\/image\/","url":"https:\/\/e5gp8rwuod7.exactdn.com\/uppsala\/wp-content\/uploads\/sites\/3\/2021\/07\/image-1-2.png?strip=all&lossy=1&ssl=1","contentUrl":"https:\/\/e5gp8rwuod7.exactdn.com\/uppsala\/wp-content\/uploads\/sites\/3\/2021\/07\/image-1-2.png?strip=all&lossy=1&ssl=1","width":200,"height":98,"caption":"Uppsala"},"image":{"@id":"https:\/\/aktivtuteliv.se\/uppsala\/#\/schema\/logo\/image\/"}}]}},"_links":{"self":[{"href":"https:\/\/aktivtuteliv.se\/uppsala\/wp-json\/wp\/v2\/pages\/1755","targetHints":{"allow":["GET"]}}],"collection":[{"href":"https:\/\/aktivtuteliv.se\/uppsala\/wp-json\/wp\/v2\/pages"}],"about":[{"href":"https:\/\/aktivtuteliv.se\/uppsala\/wp-json\/wp\/v2\/types\/page"}],"author":[{"embeddable":true,"href":"https:\/\/aktivtuteliv.se\/uppsala\/wp-json\/wp\/v2\/users\/1"}],"replies":[{"embeddable":true,"href":"https:\/\/aktivtuteliv.se\/uppsala\/wp-json\/wp\/v2\/comments?post=1755"}],"version-history":[{"count":0,"href":"https:\/\/aktivtuteliv.se\/uppsala\/wp-json\/wp\/v2\/pages\/1755\/revisions"}],"wp:attachment":[{"href":"https:\/\/aktivtuteliv.se\/uppsala\/wp-json\/wp\/v2\/media?parent=1755"}],"curies":[{"name":"wp","href":"https:\/\/api.w.org\/{rel}","templated":true}]}}

<p><br>Så här går det till: Antingen bokar du direkt här via hemsidan genom att välja produkt, välja datum och sedan betala online. Då är du garanterad bokningen direkt. Ett annat alternativ är att ringa oss och boka per telefon <strong><a href="tel:018108804">Tel. 018-10 88 04</a></strong> eller maila <strong><a href="mailto:uppsala@aktivtuteliv.nu">uppsala@aktivtuteliv.se</a></strong> så svarar vi så snart vi kan.</p>



<p><strong>Priser säsongshyra: <a href="https://aktivtuteliv.se/uppsala/sasongsuthyrning-skidor-alpinutrustning-uppsala/">https://aktivtuteliv.se/uppsala/sasongsuthyrning-skidor-alpinutrustning-uppsala/</a></strong></p>

<p>Så här går det till: Antingen bokar du direkt här via hemsidan genom att välja produkt, välja datum och sedan betala online. Då är du garanterad bokningen direkt. Ett annat [&hellip;]</p>

<!-- This site is optimized with the Yoast SEO plugin v23.0 - https://yoast.com/wordpress/plugins/seo/ -->
<title>Uthyrning &amp; priser - Uppsala</title>
<meta name="robots" content="index, follow, max-snippet:-1, max-image-preview:large, max-video-preview:-1" />
<link rel="canonical" href="https://aktivtuteliv.se/uppsala/priser/" />
<meta property="og:locale" content="sv_SE" />
<meta property="og:type" content="article" />
<meta property="og:title" content="Uthyrning &amp; priser - Uppsala" />
<meta property="og:description" content="Så här går det till: Antingen bokar du direkt här via hemsidan genom att välja produkt, välja datum och sedan betala online. Då är du garanterad bokningen direkt. Ett annat [&hellip;]" />
<meta property="og:url" content="https://aktivtuteliv.se/uppsala/priser/" />
<meta property="og:site_name" content="Uppsala" />
<meta property="article:modified_time" content="2024-11-30T11:50:21+00:00" />
<meta name="twitter:card" content="summary_large_image" />
<meta name="twitter:label1" content="Beräknad lästid" />
	<meta name="twitter:data1" content="1 minut" />
<script type="application/ld+json" class="yoast-schema-graph">{"@context":"https://schema.org","@graph":[{"@type":"WebPage","@id":"https://aktivtuteliv.se/uppsala/priser/","url":"https://aktivtuteliv.se/uppsala/priser/","name":"Uthyrning &amp; priser - Uppsala","isPartOf":{"@id":"https://aktivtuteliv.se/uppsala/#website"},"datePublished":"2021-07-02T11:47:52+00:00","dateModified":"2024-11-30T11:50:21+00:00","breadcrumb":{"@id":"https://aktivtuteliv.se/uppsala/priser/#breadcrumb"},"inLanguage":"sv-SE","potentialAction":[{"@type":"ReadAction","target":["https://aktivtuteliv.se/uppsala/priser/"]}]},{"@type":"BreadcrumbList","@id":"https://aktivtuteliv.se/uppsala/priser/#breadcrumb","itemListElement":[{"@type":"ListItem","position":1,"name":"Home","item":"https://aktivtuteliv.se/uppsala/startsida-vinter/"},{"@type":"ListItem","position":2,"name":"Uthyrning &amp; priser"}]},{"@type":"WebSite","@id":"https://aktivtuteliv.se/uppsala/#website","url":"https://aktivtuteliv.se/uppsala/","name":"Uppsala","description":"Hyr sport- &amp; friluftsutrustning","publisher":{"@id":"https://aktivtuteliv.se/uppsala/#organization"},"potentialAction":[{"@type":"SearchAction","target":{"@type":"EntryPoint","urlTemplate":"https://aktivtuteliv.se/uppsala/?s={search_term_string}"},"query-input":"required name=search_term_string"}],"inLanguage":"sv-SE"},{"@type":"Organization","@id":"https://aktivtuteliv.se/uppsala/#organization","name":"Uppsala","url":"https://aktivtuteliv.se/uppsala/","logo":{"@type":"ImageObject","inLanguage":"sv-SE","@id":"https://aktivtuteliv.se/uppsala/#/schema/logo/image/","url":"https://e5gp8rwuod7.exactdn.com/uppsala/wp-content/uploads/sites/3/2021/07/image-1-2.png?strip=all&lossy=1&ssl=1","contentUrl":"https://e5gp8rwuod7.exactdn.com/uppsala/wp-content/uploads/sites/3/2021/07/image-1-2.png?strip=all&lossy=1&ssl=1","width":200,"height":98,"caption":"Uppsala"},"image":{"@id":"https://aktivtuteliv.se/uppsala/#/schema/logo/image/"}}]}</script>
<!-- / Yoast SEO plugin. -->

Så här går det till: Antingen bokar du direkt här via hemsidan genom att välja produkt, välja datum och sedan betala online. Då är du garanterad bokningen direkt. Ett annat [&hellip;]
