


{"id":67204,"date":"2023-04-08T09:01:56","date_gmt":"2023-04-08T09:01:56","guid":{"rendered":"https:\/\/aktivtuteliv.se\/uppsala\/?page_id=67204"},"modified":"2025-06-21T21:12:23","modified_gmt":"2025-06-21T21:12:23","slug":"kanadensare","status":"publish","type":"page","link":"https:\/\/aktivtuteliv.se\/uppsala\/kanadensare\/","title":{"rendered":"Kanadensare"},"content":{"rendered":"\n<div style=\"height:10px\" aria-hidden=\"true\" class=\"wp-block-spacer\"><\/div>\n\n\n\n<p>Vi har kanadensare b\u00e5de vid Sunnerstastugan, Fyrishovs camping och Wiks Slott, kom ih\u00e5g att v\u00e4lja plats n\u00e4r du bokar. Utl\u00e4mningsst\u00e4llet vid Fyrishovs camping och Wiks Slott \u00e4r obemannat s\u00e5 det \u00e4r viktigt att du kontaktar oss om du inte f\u00e5tt ett mail med koder n\u00e4r det \u00e4r dags f\u00f6r dig att paddla, 018-108804. <br>Trevlig paddeltur!<\/p>\n\n\n\n<p><\/p>\n\n\n\n<p><\/p>\n\n\n<div class=\"booqable-datepicker\" ><\/div>\n\n\n<div class=\"booqable-product-detail\" data-id=\"kanadensare\"><\/div>\n","protected":false},"excerpt":{"rendered":"<p>Vi har kanadensare b\u00e5de vid Sunnerstastugan, Fyrishovs camping och Wiks Slott, kom ih\u00e5g att v\u00e4lja plats n\u00e4r du bokar. Utl\u00e4mningsst\u00e4llet vid Fyrishovs camping och Wiks Slott \u00e4r obemannat s\u00e5 det [&hellip;]<\/p>\n","protected":false},"author":7,"featured_media":67206,"parent":0,"menu_order":0,"comment_status":"closed","ping_status":"closed","template":"","meta":{"_acf_changed":false,"footnotes":""},"class_list":["post-67204","page","type-page","status-publish","has-post-thumbnail","hentry"],"acf":[],"yoast_head":"<!-- This site is optimized with the Yoast SEO plugin v23.0 - https:\/\/yoast.com\/wordpress\/plugins\/seo\/ -->\n<title>Kanadensare - Uppsala<\/title>\n<meta name=\"robots\" content=\"index, follow, max-snippet:-1, max-image-preview:large, max-video-preview:-1\" \/>\n<link rel=\"canonical\" href=\"https:\/\/aktivtuteliv.se\/uppsala\/kanadensare\/\" \/>\n<meta property=\"og:locale\" content=\"sv_SE\" \/>\n<meta property=\"og:type\" content=\"article\" \/>\n<meta property=\"og:title\" content=\"Kanadensare - Uppsala\" \/>\n<meta property=\"og:description\" content=\"Vi har kanadensare b\u00e5de vid Sunnerstastugan, Fyrishovs camping och Wiks Slott, kom ih\u00e5g att v\u00e4lja plats n\u00e4r du bokar. Utl\u00e4mningsst\u00e4llet vid Fyrishovs camping och Wiks Slott \u00e4r obemannat s\u00e5 det [&hellip;]\" \/>\n<meta property=\"og:url\" content=\"https:\/\/aktivtuteliv.se\/uppsala\/kanadensare\/\" \/>\n<meta property=\"og:site_name\" content=\"Uppsala\" \/>\n<meta property=\"article:modified_time\" content=\"2025-06-21T21:12:23+00:00\" \/>\n<meta property=\"og:image\" content=\"https:\/\/aktivtuteliv.se\/uppsala\/wp-content\/uploads\/sites\/3\/2023\/04\/kanadensare_3-scaled.jpg\" \/>\n\t<meta property=\"og:image:width\" content=\"2560\" \/>\n\t<meta property=\"og:image:height\" content=\"1021\" \/>\n\t<meta property=\"og:image:type\" content=\"image\/jpeg\" \/>\n<meta name=\"twitter:card\" content=\"summary_large_image\" \/>\n<meta name=\"twitter:label1\" content=\"Ber\u00e4knad l\u00e4stid\" \/>\n\t<meta name=\"twitter:data1\" content=\"1 minut\" \/>\n<script type=\"application\/ld+json\" class=\"yoast-schema-graph\">{\"@context\":\"https:\/\/schema.org\",\"@graph\":[{\"@type\":\"WebPage\",\"@id\":\"https:\/\/aktivtuteliv.se\/uppsala\/kanadensare\/\",\"url\":\"https:\/\/aktivtuteliv.se\/uppsala\/kanadensare\/\",\"name\":\"Kanadensare - Uppsala\",\"isPartOf\":{\"@id\":\"https:\/\/aktivtuteliv.se\/uppsala\/#website\"},\"primaryImageOfPage\":{\"@id\":\"https:\/\/aktivtuteliv.se\/uppsala\/kanadensare\/#primaryimage\"},\"image\":{\"@id\":\"https:\/\/aktivtuteliv.se\/uppsala\/kanadensare\/#primaryimage\"},\"thumbnailUrl\":\"https:\/\/e5gp8rwuod7.exactdn.com\/uppsala\/wp-content\/uploads\/sites\/3\/2023\/04\/kanadensare_3-scaled.jpg?strip=all&lossy=1&ssl=1\",\"datePublished\":\"2023-04-08T09:01:56+00:00\",\"dateModified\":\"2025-06-21T21:12:23+00:00\",\"breadcrumb\":{\"@id\":\"https:\/\/aktivtuteliv.se\/uppsala\/kanadensare\/#breadcrumb\"},\"inLanguage\":\"sv-SE\",\"potentialAction\":[{\"@type\":\"ReadAction\",\"target\":[\"https:\/\/aktivtuteliv.se\/uppsala\/kanadensare\/\"]}]},{\"@type\":\"ImageObject\",\"inLanguage\":\"sv-SE\",\"@id\":\"https:\/\/aktivtuteliv.se\/uppsala\/kanadensare\/#primaryimage\",\"url\":\"https:\/\/e5gp8rwuod7.exactdn.com\/uppsala\/wp-content\/uploads\/sites\/3\/2023\/04\/kanadensare_3-scaled.jpg?strip=all&lossy=1&ssl=1\",\"contentUrl\":\"https:\/\/e5gp8rwuod7.exactdn.com\/uppsala\/wp-content\/uploads\/sites\/3\/2023\/04\/kanadensare_3-scaled.jpg?strip=all&lossy=1&ssl=1\",\"width\":2560,\"height\":1021},{\"@type\":\"BreadcrumbList\",\"@id\":\"https:\/\/aktivtuteliv.se\/uppsala\/kanadensare\/#breadcrumb\",\"itemListElement\":[{\"@type\":\"ListItem\",\"position\":1,\"name\":\"Home\",\"item\":\"https:\/\/aktivtuteliv.se\/uppsala\/startsida-vinter\/\"},{\"@type\":\"ListItem\",\"position\":2,\"name\":\"Kanadensare\"}]},{\"@type\":\"WebSite\",\"@id\":\"https:\/\/aktivtuteliv.se\/uppsala\/#website\",\"url\":\"https:\/\/aktivtuteliv.se\/uppsala\/\",\"name\":\"Uppsala\",\"description\":\"Hyr sport- &amp; friluftsutrustning\",\"publisher\":{\"@id\":\"https:\/\/aktivtuteliv.se\/uppsala\/#organization\"},\"potentialAction\":[{\"@type\":\"SearchAction\",\"target\":{\"@type\":\"EntryPoint\",\"urlTemplate\":\"https:\/\/aktivtuteliv.se\/uppsala\/?s={search_term_string}\"},\"query-input\":\"required name=search_term_string\"}],\"inLanguage\":\"sv-SE\"},{\"@type\":\"Organization\",\"@id\":\"https:\/\/aktivtuteliv.se\/uppsala\/#organization\",\"name\":\"Uppsala\",\"url\":\"https:\/\/aktivtuteliv.se\/uppsala\/\",\"logo\":{\"@type\":\"ImageObject\",\"inLanguage\":\"sv-SE\",\"@id\":\"https:\/\/aktivtuteliv.se\/uppsala\/#\/schema\/logo\/image\/\",\"url\":\"https:\/\/e5gp8rwuod7.exactdn.com\/uppsala\/wp-content\/uploads\/sites\/3\/2021\/07\/image-1-2.png?strip=all&lossy=1&ssl=1\",\"contentUrl\":\"https:\/\/e5gp8rwuod7.exactdn.com\/uppsala\/wp-content\/uploads\/sites\/3\/2021\/07\/image-1-2.png?strip=all&lossy=1&ssl=1\",\"width\":200,\"height\":98,\"caption\":\"Uppsala\"},\"image\":{\"@id\":\"https:\/\/aktivtuteliv.se\/uppsala\/#\/schema\/logo\/image\/\"}}]}<\/script>\n<!-- \/ Yoast SEO plugin. -->","yoast_head_json":{"title":"Kanadensare - Uppsala","robots":{"index":"index","follow":"follow","max-snippet":"max-snippet:-1","max-image-preview":"max-image-preview:large","max-video-preview":"max-video-preview:-1"},"canonical":"https:\/\/aktivtuteliv.se\/uppsala\/kanadensare\/","og_locale":"sv_SE","og_type":"article","og_title":"Kanadensare - Uppsala","og_description":"Vi har kanadensare b\u00e5de vid Sunnerstastugan, Fyrishovs camping och Wiks Slott, kom ih\u00e5g att v\u00e4lja plats n\u00e4r du bokar. Utl\u00e4mningsst\u00e4llet vid Fyrishovs camping och Wiks Slott \u00e4r obemannat s\u00e5 det [&hellip;]","og_url":"https:\/\/aktivtuteliv.se\/uppsala\/kanadensare\/","og_site_name":"Uppsala","article_modified_time":"2025-06-21T21:12:23+00:00","og_image":[{"width":2560,"height":1021,"url":"https:\/\/aktivtuteliv.se\/uppsala\/wp-content\/uploads\/sites\/3\/2023\/04\/kanadensare_3-scaled.jpg","type":"image\/jpeg"}],"twitter_card":"summary_large_image","twitter_misc":{"Ber\u00e4knad l\u00e4stid":"1 minut"},"schema":{"@context":"https:\/\/schema.org","@graph":[{"@type":"WebPage","@id":"https:\/\/aktivtuteliv.se\/uppsala\/kanadensare\/","url":"https:\/\/aktivtuteliv.se\/uppsala\/kanadensare\/","name":"Kanadensare - Uppsala","isPartOf":{"@id":"https:\/\/aktivtuteliv.se\/uppsala\/#website"},"primaryImageOfPage":{"@id":"https:\/\/aktivtuteliv.se\/uppsala\/kanadensare\/#primaryimage"},"image":{"@id":"https:\/\/aktivtuteliv.se\/uppsala\/kanadensare\/#primaryimage"},"thumbnailUrl":"https:\/\/e5gp8rwuod7.exactdn.com\/uppsala\/wp-content\/uploads\/sites\/3\/2023\/04\/kanadensare_3-scaled.jpg?strip=all&lossy=1&ssl=1","datePublished":"2023-04-08T09:01:56+00:00","dateModified":"2025-06-21T21:12:23+00:00","breadcrumb":{"@id":"https:\/\/aktivtuteliv.se\/uppsala\/kanadensare\/#breadcrumb"},"inLanguage":"sv-SE","potentialAction":[{"@type":"ReadAction","target":["https:\/\/aktivtuteliv.se\/uppsala\/kanadensare\/"]}]},{"@type":"ImageObject","inLanguage":"sv-SE","@id":"https:\/\/aktivtuteliv.se\/uppsala\/kanadensare\/#primaryimage","url":"https:\/\/e5gp8rwuod7.exactdn.com\/uppsala\/wp-content\/uploads\/sites\/3\/2023\/04\/kanadensare_3-scaled.jpg?strip=all&lossy=1&ssl=1","contentUrl":"https:\/\/e5gp8rwuod7.exactdn.com\/uppsala\/wp-content\/uploads\/sites\/3\/2023\/04\/kanadensare_3-scaled.jpg?strip=all&lossy=1&ssl=1","width":2560,"height":1021},{"@type":"BreadcrumbList","@id":"https:\/\/aktivtuteliv.se\/uppsala\/kanadensare\/#breadcrumb","itemListElement":[{"@type":"ListItem","position":1,"name":"Home","item":"https:\/\/aktivtuteliv.se\/uppsala\/startsida-vinter\/"},{"@type":"ListItem","position":2,"name":"Kanadensare"}]},{"@type":"WebSite","@id":"https:\/\/aktivtuteliv.se\/uppsala\/#website","url":"https:\/\/aktivtuteliv.se\/uppsala\/","name":"Uppsala","description":"Hyr sport- &amp; friluftsutrustning","publisher":{"@id":"https:\/\/aktivtuteliv.se\/uppsala\/#organization"},"potentialAction":[{"@type":"SearchAction","target":{"@type":"EntryPoint","urlTemplate":"https:\/\/aktivtuteliv.se\/uppsala\/?s={search_term_string}"},"query-input":"required name=search_term_string"}],"inLanguage":"sv-SE"},{"@type":"Organization","@id":"https:\/\/aktivtuteliv.se\/uppsala\/#organization","name":"Uppsala","url":"https:\/\/aktivtuteliv.se\/uppsala\/","logo":{"@type":"ImageObject","inLanguage":"sv-SE","@id":"https:\/\/aktivtuteliv.se\/uppsala\/#\/schema\/logo\/image\/","url":"https:\/\/e5gp8rwuod7.exactdn.com\/uppsala\/wp-content\/uploads\/sites\/3\/2021\/07\/image-1-2.png?strip=all&lossy=1&ssl=1","contentUrl":"https:\/\/e5gp8rwuod7.exactdn.com\/uppsala\/wp-content\/uploads\/sites\/3\/2021\/07\/image-1-2.png?strip=all&lossy=1&ssl=1","width":200,"height":98,"caption":"Uppsala"},"image":{"@id":"https:\/\/aktivtuteliv.se\/uppsala\/#\/schema\/logo\/image\/"}}]}},"_links":{"self":[{"href":"https:\/\/aktivtuteliv.se\/uppsala\/wp-json\/wp\/v2\/pages\/67204","targetHints":{"allow":["GET"]}}],"collection":[{"href":"https:\/\/aktivtuteliv.se\/uppsala\/wp-json\/wp\/v2\/pages"}],"about":[{"href":"https:\/\/aktivtuteliv.se\/uppsala\/wp-json\/wp\/v2\/types\/page"}],"author":[{"embeddable":true,"href":"https:\/\/aktivtuteliv.se\/uppsala\/wp-json\/wp\/v2\/users\/7"}],"replies":[{"embeddable":true,"href":"https:\/\/aktivtuteliv.se\/uppsala\/wp-json\/wp\/v2\/comments?post=67204"}],"version-history":[{"count":0,"href":"https:\/\/aktivtuteliv.se\/uppsala\/wp-json\/wp\/v2\/pages\/67204\/revisions"}],"wp:featuredmedia":[{"embeddable":true,"href":"https:\/\/aktivtuteliv.se\/uppsala\/wp-json\/wp\/v2\/media\/67206"}],"wp:attachment":[{"href":"https:\/\/aktivtuteliv.se\/uppsala\/wp-json\/wp\/v2\/media?parent=67204"}],"curies":[{"name":"wp","href":"https:\/\/api.w.org\/{rel}","templated":true}]}}

<div style="height:10px" aria-hidden="true" class="wp-block-spacer"></div>



<p>Vi har kanadensare både vid Sunnerstastugan, Fyrishovs camping och Wiks Slott, kom ihåg att välja plats när du bokar. Utlämningsstället vid Fyrishovs camping och Wiks Slott är obemannat så det är viktigt att du kontaktar oss om du inte fått ett mail med koder när det är dags för dig att paddla, 018-108804. <br>Trevlig paddeltur!</p>



<p></p>



<p></p>


<div class="booqable-datepicker" ></div>


<div class="booqable-product-detail" data-id="kanadensare"></div>

<p>Vi har kanadensare både vid Sunnerstastugan, Fyrishovs camping och Wiks Slott, kom ihåg att välja plats när du bokar. Utlämningsstället vid Fyrishovs camping och Wiks Slott är obemannat så det [&hellip;]</p>

<!-- This site is optimized with the Yoast SEO plugin v23.0 - https://yoast.com/wordpress/plugins/seo/ -->
<title>Kanadensare - Uppsala</title>
<meta name="robots" content="index, follow, max-snippet:-1, max-image-preview:large, max-video-preview:-1" />
<link rel="canonical" href="https://aktivtuteliv.se/uppsala/kanadensare/" />
<meta property="og:locale" content="sv_SE" />
<meta property="og:type" content="article" />
<meta property="og:title" content="Kanadensare - Uppsala" />
<meta property="og:description" content="Vi har kanadensare både vid Sunnerstastugan, Fyrishovs camping och Wiks Slott, kom ihåg att välja plats när du bokar. Utlämningsstället vid Fyrishovs camping och Wiks Slott är obemannat så det [&hellip;]" />
<meta property="og:url" content="https://aktivtuteliv.se/uppsala/kanadensare/" />
<meta property="og:site_name" content="Uppsala" />
<meta property="article:modified_time" content="2025-06-21T21:12:23+00:00" />
<meta property="og:image" content="https://aktivtuteliv.se/uppsala/wp-content/uploads/sites/3/2023/04/kanadensare_3-scaled.jpg" />
	<meta property="og:image:width" content="2560" />
	<meta property="og:image:height" content="1021" />
	<meta property="og:image:type" content="image/jpeg" />
<meta name="twitter:card" content="summary_large_image" />
<meta name="twitter:label1" content="Beräknad lästid" />
	<meta name="twitter:data1" content="1 minut" />
<script type="application/ld+json" class="yoast-schema-graph">{"@context":"https://schema.org","@graph":[{"@type":"WebPage","@id":"https://aktivtuteliv.se/uppsala/kanadensare/","url":"https://aktivtuteliv.se/uppsala/kanadensare/","name":"Kanadensare - Uppsala","isPartOf":{"@id":"https://aktivtuteliv.se/uppsala/#website"},"primaryImageOfPage":{"@id":"https://aktivtuteliv.se/uppsala/kanadensare/#primaryimage"},"image":{"@id":"https://aktivtuteliv.se/uppsala/kanadensare/#primaryimage"},"thumbnailUrl":"https://e5gp8rwuod7.exactdn.com/uppsala/wp-content/uploads/sites/3/2023/04/kanadensare_3-scaled.jpg?strip=all&lossy=1&ssl=1","datePublished":"2023-04-08T09:01:56+00:00","dateModified":"2025-06-21T21:12:23+00:00","breadcrumb":{"@id":"https://aktivtuteliv.se/uppsala/kanadensare/#breadcrumb"},"inLanguage":"sv-SE","potentialAction":[{"@type":"ReadAction","target":["https://aktivtuteliv.se/uppsala/kanadensare/"]}]},{"@type":"ImageObject","inLanguage":"sv-SE","@id":"https://aktivtuteliv.se/uppsala/kanadensare/#primaryimage","url":"https://e5gp8rwuod7.exactdn.com/uppsala/wp-content/uploads/sites/3/2023/04/kanadensare_3-scaled.jpg?strip=all&lossy=1&ssl=1","contentUrl":"https://e5gp8rwuod7.exactdn.com/uppsala/wp-content/uploads/sites/3/2023/04/kanadensare_3-scaled.jpg?strip=all&lossy=1&ssl=1","width":2560,"height":1021},{"@type":"BreadcrumbList","@id":"https://aktivtuteliv.se/uppsala/kanadensare/#breadcrumb","itemListElement":[{"@type":"ListItem","position":1,"name":"Home","item":"https://aktivtuteliv.se/uppsala/startsida-vinter/"},{"@type":"ListItem","position":2,"name":"Kanadensare"}]},{"@type":"WebSite","@id":"https://aktivtuteliv.se/uppsala/#website","url":"https://aktivtuteliv.se/uppsala/","name":"Uppsala","description":"Hyr sport- &amp; friluftsutrustning","publisher":{"@id":"https://aktivtuteliv.se/uppsala/#organization"},"potentialAction":[{"@type":"SearchAction","target":{"@type":"EntryPoint","urlTemplate":"https://aktivtuteliv.se/uppsala/?s={search_term_string}"},"query-input":"required name=search_term_string"}],"inLanguage":"sv-SE"},{"@type":"Organization","@id":"https://aktivtuteliv.se/uppsala/#organization","name":"Uppsala","url":"https://aktivtuteliv.se/uppsala/","logo":{"@type":"ImageObject","inLanguage":"sv-SE","@id":"https://aktivtuteliv.se/uppsala/#/schema/logo/image/","url":"https://e5gp8rwuod7.exactdn.com/uppsala/wp-content/uploads/sites/3/2021/07/image-1-2.png?strip=all&lossy=1&ssl=1","contentUrl":"https://e5gp8rwuod7.exactdn.com/uppsala/wp-content/uploads/sites/3/2021/07/image-1-2.png?strip=all&lossy=1&ssl=1","width":200,"height":98,"caption":"Uppsala"},"image":{"@id":"https://aktivtuteliv.se/uppsala/#/schema/logo/image/"}}]}</script>
<!-- / Yoast SEO plugin. -->

Vi har kanadensare både vid Sunnerstastugan, Fyrishovs camping och Wiks Slott, kom ihåg att välja plats när du bokar. Utlämningsstället vid Fyrishovs camping och Wiks Slott är obemannat så det [&hellip;]
