


{"id":61817,"date":"2021-08-28T09:08:54","date_gmt":"2021-08-28T09:08:54","guid":{"rendered":"https:\/\/aktivtuteliv.se\/uppsala\/?post_type=product&#038;p=61817"},"modified":"2022-04-27T11:57:48","modified_gmt":"2022-04-27T11:57:48","slug":"kona-core-air-12-6-sup-paket","status":"publish","type":"product","link":"https:\/\/aktivtuteliv.se\/uppsala\/produkt\/kona-core-air-12-6-sup-paket\/","title":{"rendered":"Kona Core Air 12.6, SUP-paket"},"content":{"rendered":"<p>Kona Core Air 12.6 \u00e4r en enklare version av <a href=\"https:\/\/aktivtuteliv.nu\/produkt\/kona-cruiser-12-6\/\">Kona Cruiser Air 12.6<\/a> men med samma genomg\u00e5ende kvalit\u00e9 i detaljerna. Den \u00e4r det perfekta s\u00e4llskapet under dagar p\u00e5 stranden eller f\u00f6r paddelturer. Det \u00e4r en h\u00e5llbar SUP som ger alla, oavsett erfarenhet m\u00f6jligheten att uppleva den unika SUP-k\u00e4nslan.<\/p>\n<p>Br\u00e4dan \u00e4r smidig och effektiv f\u00f6r l\u00e4ngre paddlingar och dagsturer. Den fyrkantiga aktern och den rundade nosen finns d\u00e4r f\u00f6r stabilitet. Tack vare sin form glider br\u00e4dar bra genom vattnet samtidigt som den \u00e4r riktigt stabil. I f\u00f6ren finns ett packsystem som g\u00f6r att du kan ta med extra packning f\u00f6r l\u00e4ngre dagsturer.<\/p>\n<p>&nbsp;<\/p>\n<p>Kvalit\u00e9n p\u00e5 Konas br\u00e4dor g\u00f6r att du kan pumpa upp dem till 20 psi vilket g\u00f6r dem stenh\u00e5rda och ger dem mycket fina paddelegenskaper. Br\u00e4dan \u00e4r uppbl\u00e5sbar och levereras i en ryggs\u00e4ck tillsammans med en dubbelverkande handpump och en tredelad paddel med aluminiumskaft och plastblad.<\/p>\n<p>&nbsp;<\/p>\n<p><strong>KONA CORE AIR 12.6<br \/>\nB\u00e4righet:<\/strong> upp till 110 kg<br \/>\n<strong>Volym:<\/strong> 302 liter<br \/>\n<strong>L\u00e4ngd:<\/strong> 381 cm (12\u20196\u201d)<br \/>\n<strong>Bredd:<\/strong> 77,5 cm (30,5\u201d)<br \/>\n<strong>Vikt:<\/strong> 10 kg<\/p>\n","protected":false},"excerpt":{"rendered":"<p>Kona Core Air 12.6 \u00e4r en enklare version av Kona Cruiser Air 12.6 men med samma genomg\u00e5ende kvalit\u00e9 i detaljerna. Den \u00e4r det perfekta s\u00e4llskapet under dagar p\u00e5 stranden eller [&hellip;]<\/p>\n","protected":false},"featured_media":61818,"template":"","meta":{"_acf_changed":false},"product_cat":[104,354,377],"product_tag":[],"class_list":{"0":"post-61817","1":"product","2":"type-product","3":"status-publish","4":"has-post-thumbnail","6":"product_cat-paddling","7":"product_cat-forsaljning-kanot","8":"product_cat-forsaljning-sup","10":"first","11":"instock","12":"shipping-taxable","13":"purchasable","14":"product-type-simple"},"acf":[],"yoast_head":"<!-- This site is optimized with the Yoast SEO plugin v23.0 - https:\/\/yoast.com\/wordpress\/plugins\/seo\/ -->\n<title>Kona Core Air 12.6, SUP-paket - Uppsala<\/title>\n<meta name=\"robots\" content=\"index, follow, max-snippet:-1, max-image-preview:large, max-video-preview:-1\" \/>\n<link rel=\"canonical\" href=\"https:\/\/aktivtuteliv.se\/uppsala\/produkt\/kona-core-air-12-6-sup-paket\/\" \/>\n<meta property=\"og:locale\" content=\"sv_SE\" \/>\n<meta property=\"og:type\" content=\"article\" \/>\n<meta property=\"og:title\" content=\"Kona Core Air 12.6, SUP-paket - Uppsala\" \/>\n<meta property=\"og:description\" content=\"Kona Core Air 12.6 \u00e4r en enklare version av Kona Cruiser Air 12.6 men med samma genomg\u00e5ende kvalit\u00e9 i detaljerna. Den \u00e4r det perfekta s\u00e4llskapet under dagar p\u00e5 stranden eller [&hellip;]\" \/>\n<meta property=\"og:url\" content=\"https:\/\/aktivtuteliv.se\/uppsala\/produkt\/kona-core-air-12-6-sup-paket\/\" \/>\n<meta property=\"og:site_name\" content=\"Uppsala\" \/>\n<meta property=\"article:modified_time\" content=\"2022-04-27T11:57:48+00:00\" \/>\n<meta property=\"og:image\" content=\"https:\/\/aktivtuteliv.se\/uppsala\/wp-content\/uploads\/sites\/3\/2021\/08\/Kona_Core_12.6pkt-1-300x300-1.jpg\" \/>\n\t<meta property=\"og:image:width\" content=\"300\" \/>\n\t<meta property=\"og:image:height\" content=\"300\" \/>\n\t<meta property=\"og:image:type\" content=\"image\/jpeg\" \/>\n<meta name=\"twitter:card\" content=\"summary_large_image\" \/>\n<meta name=\"twitter:label1\" content=\"Ber\u00e4knad l\u00e4stid\" \/>\n\t<meta name=\"twitter:data1\" content=\"1 minut\" \/>\n<script type=\"application\/ld+json\" class=\"yoast-schema-graph\">{\"@context\":\"https:\/\/schema.org\",\"@graph\":[{\"@type\":\"WebPage\",\"@id\":\"https:\/\/aktivtuteliv.se\/uppsala\/produkt\/kona-core-air-12-6-sup-paket\/\",\"url\":\"https:\/\/aktivtuteliv.se\/uppsala\/produkt\/kona-core-air-12-6-sup-paket\/\",\"name\":\"Kona Core Air 12.6, SUP-paket - Uppsala\",\"isPartOf\":{\"@id\":\"https:\/\/aktivtuteliv.se\/uppsala\/#website\"},\"primaryImageOfPage\":{\"@id\":\"https:\/\/aktivtuteliv.se\/uppsala\/produkt\/kona-core-air-12-6-sup-paket\/#primaryimage\"},\"image\":{\"@id\":\"https:\/\/aktivtuteliv.se\/uppsala\/produkt\/kona-core-air-12-6-sup-paket\/#primaryimage\"},\"thumbnailUrl\":\"https:\/\/e5gp8rwuod7.exactdn.com\/uppsala\/wp-content\/uploads\/sites\/3\/2021\/08\/Kona_Core_12.6pkt-1-300x300-1.jpg?strip=all&lossy=1&ssl=1\",\"datePublished\":\"2021-08-28T09:08:54+00:00\",\"dateModified\":\"2022-04-27T11:57:48+00:00\",\"breadcrumb\":{\"@id\":\"https:\/\/aktivtuteliv.se\/uppsala\/produkt\/kona-core-air-12-6-sup-paket\/#breadcrumb\"},\"inLanguage\":\"sv-SE\",\"potentialAction\":[{\"@type\":\"ReadAction\",\"target\":[\"https:\/\/aktivtuteliv.se\/uppsala\/produkt\/kona-core-air-12-6-sup-paket\/\"]}]},{\"@type\":\"ImageObject\",\"inLanguage\":\"sv-SE\",\"@id\":\"https:\/\/aktivtuteliv.se\/uppsala\/produkt\/kona-core-air-12-6-sup-paket\/#primaryimage\",\"url\":\"https:\/\/e5gp8rwuod7.exactdn.com\/uppsala\/wp-content\/uploads\/sites\/3\/2021\/08\/Kona_Core_12.6pkt-1-300x300-1.jpg?strip=all&lossy=1&ssl=1\",\"contentUrl\":\"https:\/\/e5gp8rwuod7.exactdn.com\/uppsala\/wp-content\/uploads\/sites\/3\/2021\/08\/Kona_Core_12.6pkt-1-300x300-1.jpg?strip=all&lossy=1&ssl=1\",\"width\":300,\"height\":300},{\"@type\":\"BreadcrumbList\",\"@id\":\"https:\/\/aktivtuteliv.se\/uppsala\/produkt\/kona-core-air-12-6-sup-paket\/#breadcrumb\",\"itemListElement\":[{\"@type\":\"ListItem\",\"position\":1,\"name\":\"Home\",\"item\":\"https:\/\/aktivtuteliv.se\/uppsala\/startsida-vinter\/\"},{\"@type\":\"ListItem\",\"position\":2,\"name\":\"Webbutik\",\"item\":\"https:\/\/aktivtuteliv.se\/uppsala\/butik\/\"},{\"@type\":\"ListItem\",\"position\":3,\"name\":\"Kona Core Air 12.6, SUP-paket\"}]},{\"@type\":\"WebSite\",\"@id\":\"https:\/\/aktivtuteliv.se\/uppsala\/#website\",\"url\":\"https:\/\/aktivtuteliv.se\/uppsala\/\",\"name\":\"Uppsala\",\"description\":\"Hyr sport- &amp; friluftsutrustning\",\"publisher\":{\"@id\":\"https:\/\/aktivtuteliv.se\/uppsala\/#organization\"},\"potentialAction\":[{\"@type\":\"SearchAction\",\"target\":{\"@type\":\"EntryPoint\",\"urlTemplate\":\"https:\/\/aktivtuteliv.se\/uppsala\/?s={search_term_string}\"},\"query-input\":\"required name=search_term_string\"}],\"inLanguage\":\"sv-SE\"},{\"@type\":\"Organization\",\"@id\":\"https:\/\/aktivtuteliv.se\/uppsala\/#organization\",\"name\":\"Uppsala\",\"url\":\"https:\/\/aktivtuteliv.se\/uppsala\/\",\"logo\":{\"@type\":\"ImageObject\",\"inLanguage\":\"sv-SE\",\"@id\":\"https:\/\/aktivtuteliv.se\/uppsala\/#\/schema\/logo\/image\/\",\"url\":\"https:\/\/e5gp8rwuod7.exactdn.com\/uppsala\/wp-content\/uploads\/sites\/3\/2021\/07\/image-1-2.png?strip=all&lossy=1&ssl=1\",\"contentUrl\":\"https:\/\/e5gp8rwuod7.exactdn.com\/uppsala\/wp-content\/uploads\/sites\/3\/2021\/07\/image-1-2.png?strip=all&lossy=1&ssl=1\",\"width\":200,\"height\":98,\"caption\":\"Uppsala\"},\"image\":{\"@id\":\"https:\/\/aktivtuteliv.se\/uppsala\/#\/schema\/logo\/image\/\"}}]}<\/script>\n<!-- \/ Yoast SEO plugin. -->","yoast_head_json":{"title":"Kona Core Air 12.6, SUP-paket - Uppsala","robots":{"index":"index","follow":"follow","max-snippet":"max-snippet:-1","max-image-preview":"max-image-preview:large","max-video-preview":"max-video-preview:-1"},"canonical":"https:\/\/aktivtuteliv.se\/uppsala\/produkt\/kona-core-air-12-6-sup-paket\/","og_locale":"sv_SE","og_type":"article","og_title":"Kona Core Air 12.6, SUP-paket - Uppsala","og_description":"Kona Core Air 12.6 \u00e4r en enklare version av Kona Cruiser Air 12.6 men med samma genomg\u00e5ende kvalit\u00e9 i detaljerna. Den \u00e4r det perfekta s\u00e4llskapet under dagar p\u00e5 stranden eller [&hellip;]","og_url":"https:\/\/aktivtuteliv.se\/uppsala\/produkt\/kona-core-air-12-6-sup-paket\/","og_site_name":"Uppsala","article_modified_time":"2022-04-27T11:57:48+00:00","og_image":[{"width":300,"height":300,"url":"https:\/\/aktivtuteliv.se\/uppsala\/wp-content\/uploads\/sites\/3\/2021\/08\/Kona_Core_12.6pkt-1-300x300-1.jpg","type":"image\/jpeg"}],"twitter_card":"summary_large_image","twitter_misc":{"Ber\u00e4knad l\u00e4stid":"1 minut"},"schema":{"@context":"https:\/\/schema.org","@graph":[{"@type":"WebPage","@id":"https:\/\/aktivtuteliv.se\/uppsala\/produkt\/kona-core-air-12-6-sup-paket\/","url":"https:\/\/aktivtuteliv.se\/uppsala\/produkt\/kona-core-air-12-6-sup-paket\/","name":"Kona Core Air 12.6, SUP-paket - Uppsala","isPartOf":{"@id":"https:\/\/aktivtuteliv.se\/uppsala\/#website"},"primaryImageOfPage":{"@id":"https:\/\/aktivtuteliv.se\/uppsala\/produkt\/kona-core-air-12-6-sup-paket\/#primaryimage"},"image":{"@id":"https:\/\/aktivtuteliv.se\/uppsala\/produkt\/kona-core-air-12-6-sup-paket\/#primaryimage"},"thumbnailUrl":"https:\/\/e5gp8rwuod7.exactdn.com\/uppsala\/wp-content\/uploads\/sites\/3\/2021\/08\/Kona_Core_12.6pkt-1-300x300-1.jpg?strip=all&lossy=1&ssl=1","datePublished":"2021-08-28T09:08:54+00:00","dateModified":"2022-04-27T11:57:48+00:00","breadcrumb":{"@id":"https:\/\/aktivtuteliv.se\/uppsala\/produkt\/kona-core-air-12-6-sup-paket\/#breadcrumb"},"inLanguage":"sv-SE","potentialAction":[{"@type":"ReadAction","target":["https:\/\/aktivtuteliv.se\/uppsala\/produkt\/kona-core-air-12-6-sup-paket\/"]}]},{"@type":"ImageObject","inLanguage":"sv-SE","@id":"https:\/\/aktivtuteliv.se\/uppsala\/produkt\/kona-core-air-12-6-sup-paket\/#primaryimage","url":"https:\/\/e5gp8rwuod7.exactdn.com\/uppsala\/wp-content\/uploads\/sites\/3\/2021\/08\/Kona_Core_12.6pkt-1-300x300-1.jpg?strip=all&lossy=1&ssl=1","contentUrl":"https:\/\/e5gp8rwuod7.exactdn.com\/uppsala\/wp-content\/uploads\/sites\/3\/2021\/08\/Kona_Core_12.6pkt-1-300x300-1.jpg?strip=all&lossy=1&ssl=1","width":300,"height":300},{"@type":"BreadcrumbList","@id":"https:\/\/aktivtuteliv.se\/uppsala\/produkt\/kona-core-air-12-6-sup-paket\/#breadcrumb","itemListElement":[{"@type":"ListItem","position":1,"name":"Home","item":"https:\/\/aktivtuteliv.se\/uppsala\/startsida-vinter\/"},{"@type":"ListItem","position":2,"name":"Webbutik","item":"https:\/\/aktivtuteliv.se\/uppsala\/butik\/"},{"@type":"ListItem","position":3,"name":"Kona Core Air 12.6, SUP-paket"}]},{"@type":"WebSite","@id":"https:\/\/aktivtuteliv.se\/uppsala\/#website","url":"https:\/\/aktivtuteliv.se\/uppsala\/","name":"Uppsala","description":"Hyr sport- &amp; friluftsutrustning","publisher":{"@id":"https:\/\/aktivtuteliv.se\/uppsala\/#organization"},"potentialAction":[{"@type":"SearchAction","target":{"@type":"EntryPoint","urlTemplate":"https:\/\/aktivtuteliv.se\/uppsala\/?s={search_term_string}"},"query-input":"required name=search_term_string"}],"inLanguage":"sv-SE"},{"@type":"Organization","@id":"https:\/\/aktivtuteliv.se\/uppsala\/#organization","name":"Uppsala","url":"https:\/\/aktivtuteliv.se\/uppsala\/","logo":{"@type":"ImageObject","inLanguage":"sv-SE","@id":"https:\/\/aktivtuteliv.se\/uppsala\/#\/schema\/logo\/image\/","url":"https:\/\/e5gp8rwuod7.exactdn.com\/uppsala\/wp-content\/uploads\/sites\/3\/2021\/07\/image-1-2.png?strip=all&lossy=1&ssl=1","contentUrl":"https:\/\/e5gp8rwuod7.exactdn.com\/uppsala\/wp-content\/uploads\/sites\/3\/2021\/07\/image-1-2.png?strip=all&lossy=1&ssl=1","width":200,"height":98,"caption":"Uppsala"},"image":{"@id":"https:\/\/aktivtuteliv.se\/uppsala\/#\/schema\/logo\/image\/"}}]}},"_links":{"self":[{"href":"https:\/\/aktivtuteliv.se\/uppsala\/wp-json\/wp\/v2\/product\/61817","targetHints":{"allow":["GET"]}}],"collection":[{"href":"https:\/\/aktivtuteliv.se\/uppsala\/wp-json\/wp\/v2\/product"}],"about":[{"href":"https:\/\/aktivtuteliv.se\/uppsala\/wp-json\/wp\/v2\/types\/product"}],"wp:featuredmedia":[{"embeddable":true,"href":"https:\/\/aktivtuteliv.se\/uppsala\/wp-json\/wp\/v2\/media\/61818"}],"wp:attachment":[{"href":"https:\/\/aktivtuteliv.se\/uppsala\/wp-json\/wp\/v2\/media?parent=61817"}],"wp:term":[{"taxonomy":"product_cat","embeddable":true,"href":"https:\/\/aktivtuteliv.se\/uppsala\/wp-json\/wp\/v2\/product_cat?post=61817"},{"taxonomy":"product_tag","embeddable":true,"href":"https:\/\/aktivtuteliv.se\/uppsala\/wp-json\/wp\/v2\/product_tag?post=61817"}],"curies":[{"name":"wp","href":"https:\/\/api.w.org\/{rel}","templated":true}]}}

<p>Kona Core Air 12.6 är en enklare version av <a href="https://aktivtuteliv.nu/produkt/kona-cruiser-12-6/">Kona Cruiser Air 12.6</a> men med samma genomgående kvalité i detaljerna. Den är det perfekta sällskapet under dagar på stranden eller för paddelturer. Det är en hållbar SUP som ger alla, oavsett erfarenhet möjligheten att uppleva den unika SUP-känslan.</p>
<p>Brädan är smidig och effektiv för längre paddlingar och dagsturer. Den fyrkantiga aktern och den rundade nosen finns där för stabilitet. Tack vare sin form glider brädar bra genom vattnet samtidigt som den är riktigt stabil. I fören finns ett packsystem som gör att du kan ta med extra packning för längre dagsturer.</p>
<p>&nbsp;</p>
<p>Kvalitén på Konas brädor gör att du kan pumpa upp dem till 20 psi vilket gör dem stenhårda och ger dem mycket fina paddelegenskaper. Brädan är uppblåsbar och levereras i en ryggsäck tillsammans med en dubbelverkande handpump och en tredelad paddel med aluminiumskaft och plastblad.</p>
<p>&nbsp;</p>
<p><strong>KONA CORE AIR 12.6<br />
Bärighet:</strong> upp till 110 kg<br />
<strong>Volym:</strong> 302 liter<br />
<strong>Längd:</strong> 381 cm (12’6”)<br />
<strong>Bredd:</strong> 77,5 cm (30,5”)<br />
<strong>Vikt:</strong> 10 kg</p>

<p>Kona Core Air 12.6 är en enklare version av Kona Cruiser Air 12.6 men med samma genomgående kvalité i detaljerna. Den är det perfekta sällskapet under dagar på stranden eller [&hellip;]</p>

<!-- This site is optimized with the Yoast SEO plugin v23.0 - https://yoast.com/wordpress/plugins/seo/ -->
<title>Kona Core Air 12.6, SUP-paket - Uppsala</title>
<meta name="robots" content="index, follow, max-snippet:-1, max-image-preview:large, max-video-preview:-1" />
<link rel="canonical" href="https://aktivtuteliv.se/uppsala/produkt/kona-core-air-12-6-sup-paket/" />
<meta property="og:locale" content="sv_SE" />
<meta property="og:type" content="article" />
<meta property="og:title" content="Kona Core Air 12.6, SUP-paket - Uppsala" />
<meta property="og:description" content="Kona Core Air 12.6 är en enklare version av Kona Cruiser Air 12.6 men med samma genomgående kvalité i detaljerna. Den är det perfekta sällskapet under dagar på stranden eller [&hellip;]" />
<meta property="og:url" content="https://aktivtuteliv.se/uppsala/produkt/kona-core-air-12-6-sup-paket/" />
<meta property="og:site_name" content="Uppsala" />
<meta property="article:modified_time" content="2022-04-27T11:57:48+00:00" />
<meta property="og:image" content="https://aktivtuteliv.se/uppsala/wp-content/uploads/sites/3/2021/08/Kona_Core_12.6pkt-1-300x300-1.jpg" />
	<meta property="og:image:width" content="300" />
	<meta property="og:image:height" content="300" />
	<meta property="og:image:type" content="image/jpeg" />
<meta name="twitter:card" content="summary_large_image" />
<meta name="twitter:label1" content="Beräknad lästid" />
	<meta name="twitter:data1" content="1 minut" />
<script type="application/ld+json" class="yoast-schema-graph">{"@context":"https://schema.org","@graph":[{"@type":"WebPage","@id":"https://aktivtuteliv.se/uppsala/produkt/kona-core-air-12-6-sup-paket/","url":"https://aktivtuteliv.se/uppsala/produkt/kona-core-air-12-6-sup-paket/","name":"Kona Core Air 12.6, SUP-paket - Uppsala","isPartOf":{"@id":"https://aktivtuteliv.se/uppsala/#website"},"primaryImageOfPage":{"@id":"https://aktivtuteliv.se/uppsala/produkt/kona-core-air-12-6-sup-paket/#primaryimage"},"image":{"@id":"https://aktivtuteliv.se/uppsala/produkt/kona-core-air-12-6-sup-paket/#primaryimage"},"thumbnailUrl":"https://e5gp8rwuod7.exactdn.com/uppsala/wp-content/uploads/sites/3/2021/08/Kona_Core_12.6pkt-1-300x300-1.jpg?strip=all&lossy=1&ssl=1","datePublished":"2021-08-28T09:08:54+00:00","dateModified":"2022-04-27T11:57:48+00:00","breadcrumb":{"@id":"https://aktivtuteliv.se/uppsala/produkt/kona-core-air-12-6-sup-paket/#breadcrumb"},"inLanguage":"sv-SE","potentialAction":[{"@type":"ReadAction","target":["https://aktivtuteliv.se/uppsala/produkt/kona-core-air-12-6-sup-paket/"]}]},{"@type":"ImageObject","inLanguage":"sv-SE","@id":"https://aktivtuteliv.se/uppsala/produkt/kona-core-air-12-6-sup-paket/#primaryimage","url":"https://e5gp8rwuod7.exactdn.com/uppsala/wp-content/uploads/sites/3/2021/08/Kona_Core_12.6pkt-1-300x300-1.jpg?strip=all&lossy=1&ssl=1","contentUrl":"https://e5gp8rwuod7.exactdn.com/uppsala/wp-content/uploads/sites/3/2021/08/Kona_Core_12.6pkt-1-300x300-1.jpg?strip=all&lossy=1&ssl=1","width":300,"height":300},{"@type":"BreadcrumbList","@id":"https://aktivtuteliv.se/uppsala/produkt/kona-core-air-12-6-sup-paket/#breadcrumb","itemListElement":[{"@type":"ListItem","position":1,"name":"Home","item":"https://aktivtuteliv.se/uppsala/startsida-vinter/"},{"@type":"ListItem","position":2,"name":"Webbutik","item":"https://aktivtuteliv.se/uppsala/butik/"},{"@type":"ListItem","position":3,"name":"Kona Core Air 12.6, SUP-paket"}]},{"@type":"WebSite","@id":"https://aktivtuteliv.se/uppsala/#website","url":"https://aktivtuteliv.se/uppsala/","name":"Uppsala","description":"Hyr sport- &amp; friluftsutrustning","publisher":{"@id":"https://aktivtuteliv.se/uppsala/#organization"},"potentialAction":[{"@type":"SearchAction","target":{"@type":"EntryPoint","urlTemplate":"https://aktivtuteliv.se/uppsala/?s={search_term_string}"},"query-input":"required name=search_term_string"}],"inLanguage":"sv-SE"},{"@type":"Organization","@id":"https://aktivtuteliv.se/uppsala/#organization","name":"Uppsala","url":"https://aktivtuteliv.se/uppsala/","logo":{"@type":"ImageObject","inLanguage":"sv-SE","@id":"https://aktivtuteliv.se/uppsala/#/schema/logo/image/","url":"https://e5gp8rwuod7.exactdn.com/uppsala/wp-content/uploads/sites/3/2021/07/image-1-2.png?strip=all&lossy=1&ssl=1","contentUrl":"https://e5gp8rwuod7.exactdn.com/uppsala/wp-content/uploads/sites/3/2021/07/image-1-2.png?strip=all&lossy=1&ssl=1","width":200,"height":98,"caption":"Uppsala"},"image":{"@id":"https://aktivtuteliv.se/uppsala/#/schema/logo/image/"}}]}</script>
<!-- / Yoast SEO plugin. -->

Kona Core Air 12.6 är en enklare version av Kona Cruiser Air 12.6 men med samma genomgående kvalité i detaljerna. Den är det perfekta sällskapet under dagar på stranden eller [&hellip;]
