


{"id":61856,"date":"2021-08-28T10:18:09","date_gmt":"2021-08-28T10:18:09","guid":{"rendered":"https:\/\/aktivtuteliv.se\/uppsala\/?post_type=product&#038;p=61856"},"modified":"2022-03-30T14:02:11","modified_gmt":"2022-03-30T14:02:11","slug":"outlife-sleek-kajakpaddel","status":"publish","type":"product","link":"https:\/\/aktivtuteliv.se\/uppsala\/produkt\/outlife-sleek-kajakpaddel\/","title":{"rendered":"Outlife Sleek, kajakpaddel"},"content":{"rendered":"<p>Outlife Sleek \u00e4r en mycket prisv\u00e4rd och m\u00e5ngsidig paddel. Med sina t\u00e5liga glasfiberf\u00f6rst\u00e4rkta plastblad och ett l\u00e4tt flexande kolfiberskaft \u00e4r den b\u00e5de strykt\u00e5lig och l\u00e4tt.<\/p>\n<p>Paddeln v\u00e4ger bara 850 gram vilket tillsammans g\u00f6r den skonsam f\u00f6r axlar och leder. Delningen \u00e4r tillverkad av plast och justeras l\u00e4tt genom att sl\u00e4ppa upp l\u00e5ssp\u00e4rren, paddeln kan d\u00e5 justeras stegl\u00f6st b\u00e5de i vinkel och upp till 15 cm i l\u00e4ngd. P\u00e5 delningen ser du \u00e4ven vilken vinkel du har p\u00e5 bladen d\u00e5 graderna st\u00e5r d\u00e4r.<\/p>\n<p>&nbsp;<\/p>\n<p>Paddeln har b\u00e5de avrinningstapp och droppringar f\u00f6r att h\u00e5lla h\u00e4nderna s\u00e5 torra som m\u00f6jligt och avrinningstappen kan \u00e4ven anv\u00e4ndas f\u00f6r fiskare att dra loss sina beten som fastnat. Paddeln finns i tre l\u00e4ngder<\/p>\n<p>&nbsp;<\/p>\n<p><strong>Specifikation<\/strong><\/p>\n<ul>\n<li>L\u00e4ngd: 190-205 cm, 210-225 cm eller 220-235 cm<\/li>\n<li>Bladyta: 533 cm<sup>2<\/sup><\/li>\n<li>Vikt: 850 g<\/li>\n<li>15 cm justeringsm\u00e5n<\/li>\n<li>Material i skaft: kolfiber<\/li>\n<li>Material i blad: glasfiberf\u00f6rst\u00e4rkt plast<\/li>\n<\/ul>\n","protected":false},"excerpt":{"rendered":"<p>Outlife Sleek \u00e4r en mycket prisv\u00e4rd och m\u00e5ngsidig paddel. Med sina t\u00e5liga glasfiberf\u00f6rst\u00e4rkta plastblad och ett l\u00e4tt flexande kolfiberskaft \u00e4r den b\u00e5de strykt\u00e5lig och l\u00e4tt. Paddeln v\u00e4ger bara 850 gram [&hellip;]<\/p>\n","protected":false},"featured_media":61857,"template":"","meta":{"_acf_changed":false},"product_cat":[104,354,390],"product_tag":[],"class_list":{"0":"post-61856","1":"product","2":"type-product","3":"status-publish","4":"has-post-thumbnail","6":"product_cat-paddling","7":"product_cat-forsaljning-kanot","8":"product_cat-kajak-tillbehor-forsaljning","10":"first","11":"instock","12":"shipping-taxable","13":"purchasable","14":"product-type-simple"},"acf":[],"yoast_head":"<!-- This site is optimized with the Yoast SEO plugin v23.0 - https:\/\/yoast.com\/wordpress\/plugins\/seo\/ -->\n<title>Outlife Sleek, kajakpaddel - Uppsala<\/title>\n<meta name=\"robots\" content=\"index, follow, max-snippet:-1, max-image-preview:large, max-video-preview:-1\" \/>\n<link rel=\"canonical\" href=\"https:\/\/aktivtuteliv.se\/uppsala\/produkt\/outlife-sleek-kajakpaddel\/\" \/>\n<meta property=\"og:locale\" content=\"sv_SE\" \/>\n<meta property=\"og:type\" content=\"article\" \/>\n<meta property=\"og:title\" content=\"Outlife Sleek, kajakpaddel - Uppsala\" \/>\n<meta property=\"og:description\" content=\"Outlife Sleek \u00e4r en mycket prisv\u00e4rd och m\u00e5ngsidig paddel. Med sina t\u00e5liga glasfiberf\u00f6rst\u00e4rkta plastblad och ett l\u00e4tt flexande kolfiberskaft \u00e4r den b\u00e5de strykt\u00e5lig och l\u00e4tt. Paddeln v\u00e4ger bara 850 gram [&hellip;]\" \/>\n<meta property=\"og:url\" content=\"https:\/\/aktivtuteliv.se\/uppsala\/produkt\/outlife-sleek-kajakpaddel\/\" \/>\n<meta property=\"og:site_name\" content=\"Uppsala\" \/>\n<meta property=\"article:modified_time\" content=\"2022-03-30T14:02:11+00:00\" \/>\n<meta property=\"og:image\" content=\"https:\/\/aktivtuteliv.se\/uppsala\/wp-content\/uploads\/sites\/3\/2021\/08\/outlife_sleek-300x300-1.jpg\" \/>\n\t<meta property=\"og:image:width\" content=\"300\" \/>\n\t<meta property=\"og:image:height\" content=\"300\" \/>\n\t<meta property=\"og:image:type\" content=\"image\/jpeg\" \/>\n<meta name=\"twitter:card\" content=\"summary_large_image\" \/>\n<meta name=\"twitter:label1\" content=\"Ber\u00e4knad l\u00e4stid\" \/>\n\t<meta name=\"twitter:data1\" content=\"1 minut\" \/>\n<script type=\"application\/ld+json\" class=\"yoast-schema-graph\">{\"@context\":\"https:\/\/schema.org\",\"@graph\":[{\"@type\":\"WebPage\",\"@id\":\"https:\/\/aktivtuteliv.se\/uppsala\/produkt\/outlife-sleek-kajakpaddel\/\",\"url\":\"https:\/\/aktivtuteliv.se\/uppsala\/produkt\/outlife-sleek-kajakpaddel\/\",\"name\":\"Outlife Sleek, kajakpaddel - Uppsala\",\"isPartOf\":{\"@id\":\"https:\/\/aktivtuteliv.se\/uppsala\/#website\"},\"primaryImageOfPage\":{\"@id\":\"https:\/\/aktivtuteliv.se\/uppsala\/produkt\/outlife-sleek-kajakpaddel\/#primaryimage\"},\"image\":{\"@id\":\"https:\/\/aktivtuteliv.se\/uppsala\/produkt\/outlife-sleek-kajakpaddel\/#primaryimage\"},\"thumbnailUrl\":\"https:\/\/e5gp8rwuod7.exactdn.com\/uppsala\/wp-content\/uploads\/sites\/3\/2021\/08\/outlife_sleek-300x300-1.jpg?strip=all&lossy=1&ssl=1\",\"datePublished\":\"2021-08-28T10:18:09+00:00\",\"dateModified\":\"2022-03-30T14:02:11+00:00\",\"breadcrumb\":{\"@id\":\"https:\/\/aktivtuteliv.se\/uppsala\/produkt\/outlife-sleek-kajakpaddel\/#breadcrumb\"},\"inLanguage\":\"sv-SE\",\"potentialAction\":[{\"@type\":\"ReadAction\",\"target\":[\"https:\/\/aktivtuteliv.se\/uppsala\/produkt\/outlife-sleek-kajakpaddel\/\"]}]},{\"@type\":\"ImageObject\",\"inLanguage\":\"sv-SE\",\"@id\":\"https:\/\/aktivtuteliv.se\/uppsala\/produkt\/outlife-sleek-kajakpaddel\/#primaryimage\",\"url\":\"https:\/\/e5gp8rwuod7.exactdn.com\/uppsala\/wp-content\/uploads\/sites\/3\/2021\/08\/outlife_sleek-300x300-1.jpg?strip=all&lossy=1&ssl=1\",\"contentUrl\":\"https:\/\/e5gp8rwuod7.exactdn.com\/uppsala\/wp-content\/uploads\/sites\/3\/2021\/08\/outlife_sleek-300x300-1.jpg?strip=all&lossy=1&ssl=1\",\"width\":300,\"height\":300},{\"@type\":\"BreadcrumbList\",\"@id\":\"https:\/\/aktivtuteliv.se\/uppsala\/produkt\/outlife-sleek-kajakpaddel\/#breadcrumb\",\"itemListElement\":[{\"@type\":\"ListItem\",\"position\":1,\"name\":\"Home\",\"item\":\"https:\/\/aktivtuteliv.se\/uppsala\/startsida-vinter\/\"},{\"@type\":\"ListItem\",\"position\":2,\"name\":\"Webbutik\",\"item\":\"https:\/\/aktivtuteliv.se\/uppsala\/butik\/\"},{\"@type\":\"ListItem\",\"position\":3,\"name\":\"Outlife Sleek, kajakpaddel\"}]},{\"@type\":\"WebSite\",\"@id\":\"https:\/\/aktivtuteliv.se\/uppsala\/#website\",\"url\":\"https:\/\/aktivtuteliv.se\/uppsala\/\",\"name\":\"Uppsala\",\"description\":\"Hyr sport- &amp; friluftsutrustning\",\"publisher\":{\"@id\":\"https:\/\/aktivtuteliv.se\/uppsala\/#organization\"},\"potentialAction\":[{\"@type\":\"SearchAction\",\"target\":{\"@type\":\"EntryPoint\",\"urlTemplate\":\"https:\/\/aktivtuteliv.se\/uppsala\/?s={search_term_string}\"},\"query-input\":\"required name=search_term_string\"}],\"inLanguage\":\"sv-SE\"},{\"@type\":\"Organization\",\"@id\":\"https:\/\/aktivtuteliv.se\/uppsala\/#organization\",\"name\":\"Uppsala\",\"url\":\"https:\/\/aktivtuteliv.se\/uppsala\/\",\"logo\":{\"@type\":\"ImageObject\",\"inLanguage\":\"sv-SE\",\"@id\":\"https:\/\/aktivtuteliv.se\/uppsala\/#\/schema\/logo\/image\/\",\"url\":\"https:\/\/e5gp8rwuod7.exactdn.com\/uppsala\/wp-content\/uploads\/sites\/3\/2021\/07\/image-1-2.png?strip=all&lossy=1&ssl=1\",\"contentUrl\":\"https:\/\/e5gp8rwuod7.exactdn.com\/uppsala\/wp-content\/uploads\/sites\/3\/2021\/07\/image-1-2.png?strip=all&lossy=1&ssl=1\",\"width\":200,\"height\":98,\"caption\":\"Uppsala\"},\"image\":{\"@id\":\"https:\/\/aktivtuteliv.se\/uppsala\/#\/schema\/logo\/image\/\"}}]}<\/script>\n<!-- \/ Yoast SEO plugin. -->","yoast_head_json":{"title":"Outlife Sleek, kajakpaddel - Uppsala","robots":{"index":"index","follow":"follow","max-snippet":"max-snippet:-1","max-image-preview":"max-image-preview:large","max-video-preview":"max-video-preview:-1"},"canonical":"https:\/\/aktivtuteliv.se\/uppsala\/produkt\/outlife-sleek-kajakpaddel\/","og_locale":"sv_SE","og_type":"article","og_title":"Outlife Sleek, kajakpaddel - Uppsala","og_description":"Outlife Sleek \u00e4r en mycket prisv\u00e4rd och m\u00e5ngsidig paddel. Med sina t\u00e5liga glasfiberf\u00f6rst\u00e4rkta plastblad och ett l\u00e4tt flexande kolfiberskaft \u00e4r den b\u00e5de strykt\u00e5lig och l\u00e4tt. Paddeln v\u00e4ger bara 850 gram [&hellip;]","og_url":"https:\/\/aktivtuteliv.se\/uppsala\/produkt\/outlife-sleek-kajakpaddel\/","og_site_name":"Uppsala","article_modified_time":"2022-03-30T14:02:11+00:00","og_image":[{"width":300,"height":300,"url":"https:\/\/aktivtuteliv.se\/uppsala\/wp-content\/uploads\/sites\/3\/2021\/08\/outlife_sleek-300x300-1.jpg","type":"image\/jpeg"}],"twitter_card":"summary_large_image","twitter_misc":{"Ber\u00e4knad l\u00e4stid":"1 minut"},"schema":{"@context":"https:\/\/schema.org","@graph":[{"@type":"WebPage","@id":"https:\/\/aktivtuteliv.se\/uppsala\/produkt\/outlife-sleek-kajakpaddel\/","url":"https:\/\/aktivtuteliv.se\/uppsala\/produkt\/outlife-sleek-kajakpaddel\/","name":"Outlife Sleek, kajakpaddel - Uppsala","isPartOf":{"@id":"https:\/\/aktivtuteliv.se\/uppsala\/#website"},"primaryImageOfPage":{"@id":"https:\/\/aktivtuteliv.se\/uppsala\/produkt\/outlife-sleek-kajakpaddel\/#primaryimage"},"image":{"@id":"https:\/\/aktivtuteliv.se\/uppsala\/produkt\/outlife-sleek-kajakpaddel\/#primaryimage"},"thumbnailUrl":"https:\/\/e5gp8rwuod7.exactdn.com\/uppsala\/wp-content\/uploads\/sites\/3\/2021\/08\/outlife_sleek-300x300-1.jpg?strip=all&lossy=1&ssl=1","datePublished":"2021-08-28T10:18:09+00:00","dateModified":"2022-03-30T14:02:11+00:00","breadcrumb":{"@id":"https:\/\/aktivtuteliv.se\/uppsala\/produkt\/outlife-sleek-kajakpaddel\/#breadcrumb"},"inLanguage":"sv-SE","potentialAction":[{"@type":"ReadAction","target":["https:\/\/aktivtuteliv.se\/uppsala\/produkt\/outlife-sleek-kajakpaddel\/"]}]},{"@type":"ImageObject","inLanguage":"sv-SE","@id":"https:\/\/aktivtuteliv.se\/uppsala\/produkt\/outlife-sleek-kajakpaddel\/#primaryimage","url":"https:\/\/e5gp8rwuod7.exactdn.com\/uppsala\/wp-content\/uploads\/sites\/3\/2021\/08\/outlife_sleek-300x300-1.jpg?strip=all&lossy=1&ssl=1","contentUrl":"https:\/\/e5gp8rwuod7.exactdn.com\/uppsala\/wp-content\/uploads\/sites\/3\/2021\/08\/outlife_sleek-300x300-1.jpg?strip=all&lossy=1&ssl=1","width":300,"height":300},{"@type":"BreadcrumbList","@id":"https:\/\/aktivtuteliv.se\/uppsala\/produkt\/outlife-sleek-kajakpaddel\/#breadcrumb","itemListElement":[{"@type":"ListItem","position":1,"name":"Home","item":"https:\/\/aktivtuteliv.se\/uppsala\/startsida-vinter\/"},{"@type":"ListItem","position":2,"name":"Webbutik","item":"https:\/\/aktivtuteliv.se\/uppsala\/butik\/"},{"@type":"ListItem","position":3,"name":"Outlife Sleek, kajakpaddel"}]},{"@type":"WebSite","@id":"https:\/\/aktivtuteliv.se\/uppsala\/#website","url":"https:\/\/aktivtuteliv.se\/uppsala\/","name":"Uppsala","description":"Hyr sport- &amp; friluftsutrustning","publisher":{"@id":"https:\/\/aktivtuteliv.se\/uppsala\/#organization"},"potentialAction":[{"@type":"SearchAction","target":{"@type":"EntryPoint","urlTemplate":"https:\/\/aktivtuteliv.se\/uppsala\/?s={search_term_string}"},"query-input":"required name=search_term_string"}],"inLanguage":"sv-SE"},{"@type":"Organization","@id":"https:\/\/aktivtuteliv.se\/uppsala\/#organization","name":"Uppsala","url":"https:\/\/aktivtuteliv.se\/uppsala\/","logo":{"@type":"ImageObject","inLanguage":"sv-SE","@id":"https:\/\/aktivtuteliv.se\/uppsala\/#\/schema\/logo\/image\/","url":"https:\/\/e5gp8rwuod7.exactdn.com\/uppsala\/wp-content\/uploads\/sites\/3\/2021\/07\/image-1-2.png?strip=all&lossy=1&ssl=1","contentUrl":"https:\/\/e5gp8rwuod7.exactdn.com\/uppsala\/wp-content\/uploads\/sites\/3\/2021\/07\/image-1-2.png?strip=all&lossy=1&ssl=1","width":200,"height":98,"caption":"Uppsala"},"image":{"@id":"https:\/\/aktivtuteliv.se\/uppsala\/#\/schema\/logo\/image\/"}}]}},"_links":{"self":[{"href":"https:\/\/aktivtuteliv.se\/uppsala\/wp-json\/wp\/v2\/product\/61856","targetHints":{"allow":["GET"]}}],"collection":[{"href":"https:\/\/aktivtuteliv.se\/uppsala\/wp-json\/wp\/v2\/product"}],"about":[{"href":"https:\/\/aktivtuteliv.se\/uppsala\/wp-json\/wp\/v2\/types\/product"}],"wp:featuredmedia":[{"embeddable":true,"href":"https:\/\/aktivtuteliv.se\/uppsala\/wp-json\/wp\/v2\/media\/61857"}],"wp:attachment":[{"href":"https:\/\/aktivtuteliv.se\/uppsala\/wp-json\/wp\/v2\/media?parent=61856"}],"wp:term":[{"taxonomy":"product_cat","embeddable":true,"href":"https:\/\/aktivtuteliv.se\/uppsala\/wp-json\/wp\/v2\/product_cat?post=61856"},{"taxonomy":"product_tag","embeddable":true,"href":"https:\/\/aktivtuteliv.se\/uppsala\/wp-json\/wp\/v2\/product_tag?post=61856"}],"curies":[{"name":"wp","href":"https:\/\/api.w.org\/{rel}","templated":true}]}}