{"id":74275,"date":"2024-11-05T12:55:49","date_gmt":"2024-11-05T11:55:49","guid":{"rendered":"https:\/\/aktivtuteliv.se\/vasteras\/?post_type=product&#038;p=74275"},"modified":"2026-02-19T14:52:46","modified_gmt":"2026-02-19T13:52:46","slug":"republic-r250-skidhjalm","status":"publish","type":"product","link":"https:\/\/aktivtuteliv.se\/vasteras\/produkt\/republic-r250-skidhjalm\/","title":{"rendered":"Republic R250 skidhj\u00e4lm"},"content":{"rendered":"<p>En bekv\u00e4m och uppskattad skidhj\u00e4lm fr\u00e5n Republic som passar juniorer eller dig med lite mindre huvud. Hj\u00e4lmen \u00e4r fodrad, har avtagbara \u00f6ronskydd och g\u00e5r att reglera i nacken f\u00f6r b\u00e4ttre passform.<\/p>\n<p>&nbsp;<\/p>\n<p><strong>F\u00e4rg: <\/strong>black, purple och turqoise<\/p>\n<p><strong>Storlekar:<\/strong><\/p>\n<ul>\n<li><span class=\"Ja\"><label for=\"editor1_Productdetails_rblStock_0\">48-50<\/label><\/span><\/li>\n<li>51-53<\/li>\n<li><span class=\"Ja\"><label for=\"editor1_Productdetails_rblStock_0\"><label for=\"editor1_Productdetails_rblStock_1\">54-56<\/label><\/label><\/span><\/li>\n<\/ul>\n","protected":false},"excerpt":{"rendered":"<p>En bekv\u00e4m och uppskattad skidhj\u00e4lm fr\u00e5n Republic som passar juniorer eller dig med lite mindre huvud. Hj\u00e4lmen \u00e4r fodrad, har avtagbara \u00f6ronskydd och g\u00e5r att reglera i nacken f\u00f6r b\u00e4ttre [&hellip;]<\/p>\n","protected":false},"featured_media":61945,"template":"","meta":{"_acf_changed":false},"product_cat":[813,928],"product_tag":[],"er_categories":[],"er_brands":[],"er_seasons":[],"class_list":{"0":"post-74275","1":"product","2":"type-product","3":"status-publish","4":"has-post-thumbnail","6":"product_cat-alpint","7":"product_cat-hjalm","8":"product_shipping_class-normal","9":"pa_marke-republic","10":"pa_sasong-817","12":"first","13":"instock","14":"taxable","15":"shipping-taxable","16":"purchasable","17":"product-type-variable"},"acf":[],"yoast_head":"<!-- This site is optimized with the Yoast SEO plugin v23.0 - https:\/\/yoast.com\/wordpress\/plugins\/seo\/ -->\n<title>Republic R250 skidhj\u00e4lm - V\u00e4ster\u00e5s<\/title>\n<meta name=\"robots\" content=\"index, follow, max-snippet:-1, max-image-preview:large, max-video-preview:-1\" \/>\n<link rel=\"canonical\" href=\"https:\/\/aktivtuteliv.se\/vasteras\/produkt\/republic-r250-skidhjalm\/\" \/>\n<meta property=\"og:locale\" content=\"sv_SE\" \/>\n<meta property=\"og:type\" content=\"article\" \/>\n<meta property=\"og:title\" content=\"Republic R250 skidhj\u00e4lm - V\u00e4ster\u00e5s\" \/>\n<meta property=\"og:description\" content=\"En bekv\u00e4m och uppskattad skidhj\u00e4lm fr\u00e5n Republic som passar juniorer eller dig med lite mindre huvud. Hj\u00e4lmen \u00e4r fodrad, har avtagbara \u00f6ronskydd och g\u00e5r att reglera i nacken f\u00f6r b\u00e4ttre [&hellip;]\" \/>\n<meta property=\"og:url\" content=\"https:\/\/aktivtuteliv.se\/vasteras\/produkt\/republic-r250-skidhjalm\/\" \/>\n<meta property=\"og:site_name\" content=\"V\u00e4ster\u00e5s\" \/>\n<meta property=\"article:publisher\" content=\"https:\/\/www.facebook.com\/aktivtutelivbjornogarden\" \/>\n<meta property=\"article:modified_time\" content=\"2026-02-19T13:52:46+00:00\" \/>\n<meta property=\"og:image\" content=\"https:\/\/aktivtuteliv.se\/vasteras\/wp-content\/uploads\/sites\/4\/2021\/08\/Republic-R250-Turqoise-300x300-1.jpg\" \/>\n\t<meta property=\"og:image:width\" content=\"300\" \/>\n\t<meta property=\"og:image:height\" content=\"300\" \/>\n\t<meta property=\"og:image:type\" content=\"image\/jpeg\" \/>\n<meta name=\"twitter:card\" content=\"summary_large_image\" \/>\n<meta name=\"twitter:site\" content=\"@aktivtuteliv\" \/>\n<script type=\"application\/ld+json\" class=\"yoast-schema-graph\">{\"@context\":\"https:\/\/schema.org\",\"@graph\":[{\"@type\":\"WebPage\",\"@id\":\"https:\/\/aktivtuteliv.se\/vasteras\/produkt\/republic-r250-skidhjalm\/\",\"url\":\"https:\/\/aktivtuteliv.se\/vasteras\/produkt\/republic-r250-skidhjalm\/\",\"name\":\"Republic R250 skidhj\u00e4lm - V\u00e4ster\u00e5s\",\"isPartOf\":{\"@id\":\"https:\/\/aktivtuteliv.se\/vasteras\/#website\"},\"primaryImageOfPage\":{\"@id\":\"https:\/\/aktivtuteliv.se\/vasteras\/produkt\/republic-r250-skidhjalm\/#primaryimage\"},\"image\":{\"@id\":\"https:\/\/aktivtuteliv.se\/vasteras\/produkt\/republic-r250-skidhjalm\/#primaryimage\"},\"thumbnailUrl\":\"https:\/\/e5gp8rwuod7.exactdn.com\/vasteras\/wp-content\/uploads\/sites\/4\/2021\/08\/Republic-R250-Turqoise-300x300-1.jpg?strip=all&lossy=1&ssl=1\",\"datePublished\":\"2024-11-05T11:55:49+00:00\",\"dateModified\":\"2026-02-19T13:52:46+00:00\",\"breadcrumb\":{\"@id\":\"https:\/\/aktivtuteliv.se\/vasteras\/produkt\/republic-r250-skidhjalm\/#breadcrumb\"},\"inLanguage\":\"sv-SE\",\"potentialAction\":[{\"@type\":\"ReadAction\",\"target\":[\"https:\/\/aktivtuteliv.se\/vasteras\/produkt\/republic-r250-skidhjalm\/\"]}]},{\"@type\":\"ImageObject\",\"inLanguage\":\"sv-SE\",\"@id\":\"https:\/\/aktivtuteliv.se\/vasteras\/produkt\/republic-r250-skidhjalm\/#primaryimage\",\"url\":\"https:\/\/e5gp8rwuod7.exactdn.com\/vasteras\/wp-content\/uploads\/sites\/4\/2021\/08\/Republic-R250-Turqoise-300x300-1.jpg?strip=all&lossy=1&ssl=1\",\"contentUrl\":\"https:\/\/e5gp8rwuod7.exactdn.com\/vasteras\/wp-content\/uploads\/sites\/4\/2021\/08\/Republic-R250-Turqoise-300x300-1.jpg?strip=all&lossy=1&ssl=1\",\"width\":300,\"height\":300},{\"@type\":\"BreadcrumbList\",\"@id\":\"https:\/\/aktivtuteliv.se\/vasteras\/produkt\/republic-r250-skidhjalm\/#breadcrumb\",\"itemListElement\":[{\"@type\":\"ListItem\",\"position\":1,\"name\":\"Home\",\"item\":\"https:\/\/aktivtuteliv.se\/vasteras\/\"},{\"@type\":\"ListItem\",\"position\":2,\"name\":\"Webbutik\",\"item\":\"https:\/\/aktivtuteliv.se\/vasteras\/butik\/\"},{\"@type\":\"ListItem\",\"position\":3,\"name\":\"Republic R250 skidhj\u00e4lm\"}]},{\"@type\":\"WebSite\",\"@id\":\"https:\/\/aktivtuteliv.se\/vasteras\/#website\",\"url\":\"https:\/\/aktivtuteliv.se\/vasteras\/\",\"name\":\"Aktivt Uteliv Bj\u00f6rn\u00f6g\u00e5rden\",\"description\":\"Ett friluftscenter i V\u00e4ster\u00e5s\",\"publisher\":{\"@id\":\"https:\/\/aktivtuteliv.se\/vasteras\/#organization\"},\"potentialAction\":[{\"@type\":\"SearchAction\",\"target\":{\"@type\":\"EntryPoint\",\"urlTemplate\":\"https:\/\/aktivtuteliv.se\/vasteras\/?s={search_term_string}\"},\"query-input\":\"required name=search_term_string\"}],\"inLanguage\":\"sv-SE\"},{\"@type\":\"Organization\",\"@id\":\"https:\/\/aktivtuteliv.se\/vasteras\/#organization\",\"name\":\"Aktivt Uteliv Bj\u00f6rn\u00f6g\u00e5rden\",\"url\":\"https:\/\/aktivtuteliv.se\/vasteras\/\",\"logo\":{\"@type\":\"ImageObject\",\"inLanguage\":\"sv-SE\",\"@id\":\"https:\/\/aktivtuteliv.se\/vasteras\/#\/schema\/logo\/image\/\",\"url\":\"https:\/\/e5gp8rwuod7.exactdn.com\/vasteras\/wp-content\/uploads\/sites\/4\/2025\/01\/AUB-pms.png?strip=all&lossy=1&ssl=1\",\"contentUrl\":\"https:\/\/e5gp8rwuod7.exactdn.com\/vasteras\/wp-content\/uploads\/sites\/4\/2025\/01\/AUB-pms.png?strip=all&lossy=1&ssl=1\",\"width\":1894,\"height\":1165,\"caption\":\"Aktivt Uteliv Bj\u00f6rn\u00f6g\u00e5rden\"},\"image\":{\"@id\":\"https:\/\/aktivtuteliv.se\/vasteras\/#\/schema\/logo\/image\/\"},\"sameAs\":[\"https:\/\/www.facebook.com\/aktivtutelivbjornogarden\",\"https:\/\/x.com\/aktivtuteliv\",\"https:\/\/www.instagram.com\/aktivtuteliv_bjornogarden\"]}]}<\/script>\n<!-- \/ Yoast SEO plugin. -->","yoast_head_json":{"title":"Republic R250 skidhj\u00e4lm - V\u00e4ster\u00e5s","robots":{"index":"index","follow":"follow","max-snippet":"max-snippet:-1","max-image-preview":"max-image-preview:large","max-video-preview":"max-video-preview:-1"},"canonical":"https:\/\/aktivtuteliv.se\/vasteras\/produkt\/republic-r250-skidhjalm\/","og_locale":"sv_SE","og_type":"article","og_title":"Republic R250 skidhj\u00e4lm - V\u00e4ster\u00e5s","og_description":"En bekv\u00e4m och uppskattad skidhj\u00e4lm fr\u00e5n Republic som passar juniorer eller dig med lite mindre huvud. Hj\u00e4lmen \u00e4r fodrad, har avtagbara \u00f6ronskydd och g\u00e5r att reglera i nacken f\u00f6r b\u00e4ttre [&hellip;]","og_url":"https:\/\/aktivtuteliv.se\/vasteras\/produkt\/republic-r250-skidhjalm\/","og_site_name":"V\u00e4ster\u00e5s","article_publisher":"https:\/\/www.facebook.com\/aktivtutelivbjornogarden","article_modified_time":"2026-02-19T13:52:46+00:00","og_image":[{"width":300,"height":300,"url":"https:\/\/aktivtuteliv.se\/vasteras\/wp-content\/uploads\/sites\/4\/2021\/08\/Republic-R250-Turqoise-300x300-1.jpg","type":"image\/jpeg"}],"twitter_card":"summary_large_image","twitter_site":"@aktivtuteliv","schema":{"@context":"https:\/\/schema.org","@graph":[{"@type":"WebPage","@id":"https:\/\/aktivtuteliv.se\/vasteras\/produkt\/republic-r250-skidhjalm\/","url":"https:\/\/aktivtuteliv.se\/vasteras\/produkt\/republic-r250-skidhjalm\/","name":"Republic R250 skidhj\u00e4lm - V\u00e4ster\u00e5s","isPartOf":{"@id":"https:\/\/aktivtuteliv.se\/vasteras\/#website"},"primaryImageOfPage":{"@id":"https:\/\/aktivtuteliv.se\/vasteras\/produkt\/republic-r250-skidhjalm\/#primaryimage"},"image":{"@id":"https:\/\/aktivtuteliv.se\/vasteras\/produkt\/republic-r250-skidhjalm\/#primaryimage"},"thumbnailUrl":"https:\/\/e5gp8rwuod7.exactdn.com\/vasteras\/wp-content\/uploads\/sites\/4\/2021\/08\/Republic-R250-Turqoise-300x300-1.jpg?strip=all&lossy=1&ssl=1","datePublished":"2024-11-05T11:55:49+00:00","dateModified":"2026-02-19T13:52:46+00:00","breadcrumb":{"@id":"https:\/\/aktivtuteliv.se\/vasteras\/produkt\/republic-r250-skidhjalm\/#breadcrumb"},"inLanguage":"sv-SE","potentialAction":[{"@type":"ReadAction","target":["https:\/\/aktivtuteliv.se\/vasteras\/produkt\/republic-r250-skidhjalm\/"]}]},{"@type":"ImageObject","inLanguage":"sv-SE","@id":"https:\/\/aktivtuteliv.se\/vasteras\/produkt\/republic-r250-skidhjalm\/#primaryimage","url":"https:\/\/e5gp8rwuod7.exactdn.com\/vasteras\/wp-content\/uploads\/sites\/4\/2021\/08\/Republic-R250-Turqoise-300x300-1.jpg?strip=all&lossy=1&ssl=1","contentUrl":"https:\/\/e5gp8rwuod7.exactdn.com\/vasteras\/wp-content\/uploads\/sites\/4\/2021\/08\/Republic-R250-Turqoise-300x300-1.jpg?strip=all&lossy=1&ssl=1","width":300,"height":300},{"@type":"BreadcrumbList","@id":"https:\/\/aktivtuteliv.se\/vasteras\/produkt\/republic-r250-skidhjalm\/#breadcrumb","itemListElement":[{"@type":"ListItem","position":1,"name":"Home","item":"https:\/\/aktivtuteliv.se\/vasteras\/"},{"@type":"ListItem","position":2,"name":"Webbutik","item":"https:\/\/aktivtuteliv.se\/vasteras\/butik\/"},{"@type":"ListItem","position":3,"name":"Republic R250 skidhj\u00e4lm"}]},{"@type":"WebSite","@id":"https:\/\/aktivtuteliv.se\/vasteras\/#website","url":"https:\/\/aktivtuteliv.se\/vasteras\/","name":"Aktivt Uteliv Bj\u00f6rn\u00f6g\u00e5rden","description":"Ett friluftscenter i V\u00e4ster\u00e5s","publisher":{"@id":"https:\/\/aktivtuteliv.se\/vasteras\/#organization"},"potentialAction":[{"@type":"SearchAction","target":{"@type":"EntryPoint","urlTemplate":"https:\/\/aktivtuteliv.se\/vasteras\/?s={search_term_string}"},"query-input":"required name=search_term_string"}],"inLanguage":"sv-SE"},{"@type":"Organization","@id":"https:\/\/aktivtuteliv.se\/vasteras\/#organization","name":"Aktivt Uteliv Bj\u00f6rn\u00f6g\u00e5rden","url":"https:\/\/aktivtuteliv.se\/vasteras\/","logo":{"@type":"ImageObject","inLanguage":"sv-SE","@id":"https:\/\/aktivtuteliv.se\/vasteras\/#\/schema\/logo\/image\/","url":"https:\/\/e5gp8rwuod7.exactdn.com\/vasteras\/wp-content\/uploads\/sites\/4\/2025\/01\/AUB-pms.png?strip=all&lossy=1&ssl=1","contentUrl":"https:\/\/e5gp8rwuod7.exactdn.com\/vasteras\/wp-content\/uploads\/sites\/4\/2025\/01\/AUB-pms.png?strip=all&lossy=1&ssl=1","width":1894,"height":1165,"caption":"Aktivt Uteliv Bj\u00f6rn\u00f6g\u00e5rden"},"image":{"@id":"https:\/\/aktivtuteliv.se\/vasteras\/#\/schema\/logo\/image\/"},"sameAs":["https:\/\/www.facebook.com\/aktivtutelivbjornogarden","https:\/\/x.com\/aktivtuteliv","https:\/\/www.instagram.com\/aktivtuteliv_bjornogarden"]}]}},"_links":{"self":[{"href":"https:\/\/aktivtuteliv.se\/vasteras\/wp-json\/wp\/v2\/product\/74275","targetHints":{"allow":["GET"]}}],"collection":[{"href":"https:\/\/aktivtuteliv.se\/vasteras\/wp-json\/wp\/v2\/product"}],"about":[{"href":"https:\/\/aktivtuteliv.se\/vasteras\/wp-json\/wp\/v2\/types\/product"}],"wp:featuredmedia":[{"embeddable":true,"href":"https:\/\/aktivtuteliv.se\/vasteras\/wp-json\/wp\/v2\/media\/61945"}],"wp:attachment":[{"href":"https:\/\/aktivtuteliv.se\/vasteras\/wp-json\/wp\/v2\/media?parent=74275"}],"wp:term":[{"taxonomy":"product_cat","embeddable":true,"href":"https:\/\/aktivtuteliv.se\/vasteras\/wp-json\/wp\/v2\/product_cat?post=74275"},{"taxonomy":"product_tag","embeddable":true,"href":"https:\/\/aktivtuteliv.se\/vasteras\/wp-json\/wp\/v2\/product_tag?post=74275"},{"taxonomy":"er_categories","embeddable":true,"href":"https:\/\/aktivtuteliv.se\/vasteras\/wp-json\/wp\/v2\/er_categories?post=74275"},{"taxonomy":"er_brands","embeddable":true,"href":"https:\/\/aktivtuteliv.se\/vasteras\/wp-json\/wp\/v2\/er_brands?post=74275"},{"taxonomy":"er_seasons","embeddable":true,"href":"https:\/\/aktivtuteliv.se\/vasteras\/wp-json\/wp\/v2\/er_seasons?post=74275"}],"curies":[{"name":"wp","href":"https:\/\/api.w.org\/{rel}","templated":true}]}}

Republic R250 skidhjälm

<p>En bekväm och uppskattad skidhjälm från Republic som passar juniorer eller dig med lite mindre huvud. Hjälmen är fodrad, har avtagbara öronskydd och går att reglera i nacken för bättre passform.</p>
<p>&nbsp;</p>
<p><strong>Färg: </strong>black, purple och turqoise</p>
<p><strong>Storlekar:</strong></p>
<ul>
<li><span class="Ja"><label for="editor1_Productdetails_rblStock_0">48-50</label></span></li>
<li>51-53</li>
<li><span class="Ja"><label for="editor1_Productdetails_rblStock_0"><label for="editor1_Productdetails_rblStock_1">54-56</label></label></span></li>
</ul>

<p>En bekväm och uppskattad skidhjälm från Republic som passar juniorer eller dig med lite mindre huvud. Hjälmen är fodrad, har avtagbara öronskydd och går att reglera i nacken för bättre [&hellip;]</p>

<!-- This site is optimized with the Yoast SEO plugin v23.0 - https://yoast.com/wordpress/plugins/seo/ -->
<title>Republic R250 skidhjälm - Västerås</title>
<meta name="robots" content="index, follow, max-snippet:-1, max-image-preview:large, max-video-preview:-1" />
<link rel="canonical" href="https://aktivtuteliv.se/vasteras/produkt/republic-r250-skidhjalm/" />
<meta property="og:locale" content="sv_SE" />
<meta property="og:type" content="article" />
<meta property="og:title" content="Republic R250 skidhjälm - Västerås" />
<meta property="og:description" content="En bekväm och uppskattad skidhjälm från Republic som passar juniorer eller dig med lite mindre huvud. Hjälmen är fodrad, har avtagbara öronskydd och går att reglera i nacken för bättre [&hellip;]" />
<meta property="og:url" content="https://aktivtuteliv.se/vasteras/produkt/republic-r250-skidhjalm/" />
<meta property="og:site_name" content="Västerås" />
<meta property="article:publisher" content="https://www.facebook.com/aktivtutelivbjornogarden" />
<meta property="article:modified_time" content="2026-02-19T13:52:46+00:00" />
<meta property="og:image" content="https://aktivtuteliv.se/vasteras/wp-content/uploads/sites/4/2021/08/Republic-R250-Turqoise-300x300-1.jpg" />
	<meta property="og:image:width" content="300" />
	<meta property="og:image:height" content="300" />
	<meta property="og:image:type" content="image/jpeg" />
<meta name="twitter:card" content="summary_large_image" />
<meta name="twitter:site" content="@aktivtuteliv" />
<script type="application/ld+json" class="yoast-schema-graph">{"@context":"https://schema.org","@graph":[{"@type":"WebPage","@id":"https://aktivtuteliv.se/vasteras/produkt/republic-r250-skidhjalm/","url":"https://aktivtuteliv.se/vasteras/produkt/republic-r250-skidhjalm/","name":"Republic R250 skidhjälm - Västerås","isPartOf":{"@id":"https://aktivtuteliv.se/vasteras/#website"},"primaryImageOfPage":{"@id":"https://aktivtuteliv.se/vasteras/produkt/republic-r250-skidhjalm/#primaryimage"},"image":{"@id":"https://aktivtuteliv.se/vasteras/produkt/republic-r250-skidhjalm/#primaryimage"},"thumbnailUrl":"https://e5gp8rwuod7.exactdn.com/vasteras/wp-content/uploads/sites/4/2021/08/Republic-R250-Turqoise-300x300-1.jpg?strip=all&lossy=1&ssl=1","datePublished":"2024-11-05T11:55:49+00:00","dateModified":"2026-02-19T13:52:46+00:00","breadcrumb":{"@id":"https://aktivtuteliv.se/vasteras/produkt/republic-r250-skidhjalm/#breadcrumb"},"inLanguage":"sv-SE","potentialAction":[{"@type":"ReadAction","target":["https://aktivtuteliv.se/vasteras/produkt/republic-r250-skidhjalm/"]}]},{"@type":"ImageObject","inLanguage":"sv-SE","@id":"https://aktivtuteliv.se/vasteras/produkt/republic-r250-skidhjalm/#primaryimage","url":"https://e5gp8rwuod7.exactdn.com/vasteras/wp-content/uploads/sites/4/2021/08/Republic-R250-Turqoise-300x300-1.jpg?strip=all&lossy=1&ssl=1","contentUrl":"https://e5gp8rwuod7.exactdn.com/vasteras/wp-content/uploads/sites/4/2021/08/Republic-R250-Turqoise-300x300-1.jpg?strip=all&lossy=1&ssl=1","width":300,"height":300},{"@type":"BreadcrumbList","@id":"https://aktivtuteliv.se/vasteras/produkt/republic-r250-skidhjalm/#breadcrumb","itemListElement":[{"@type":"ListItem","position":1,"name":"Home","item":"https://aktivtuteliv.se/vasteras/"},{"@type":"ListItem","position":2,"name":"Webbutik","item":"https://aktivtuteliv.se/vasteras/butik/"},{"@type":"ListItem","position":3,"name":"Republic R250 skidhjälm"}]},{"@type":"WebSite","@id":"https://aktivtuteliv.se/vasteras/#website","url":"https://aktivtuteliv.se/vasteras/","name":"Aktivt Uteliv Björnögården","description":"Ett friluftscenter i Västerås","publisher":{"@id":"https://aktivtuteliv.se/vasteras/#organization"},"potentialAction":[{"@type":"SearchAction","target":{"@type":"EntryPoint","urlTemplate":"https://aktivtuteliv.se/vasteras/?s={search_term_string}"},"query-input":"required name=search_term_string"}],"inLanguage":"sv-SE"},{"@type":"Organization","@id":"https://aktivtuteliv.se/vasteras/#organization","name":"Aktivt Uteliv Björnögården","url":"https://aktivtuteliv.se/vasteras/","logo":{"@type":"ImageObject","inLanguage":"sv-SE","@id":"https://aktivtuteliv.se/vasteras/#/schema/logo/image/","url":"https://e5gp8rwuod7.exactdn.com/vasteras/wp-content/uploads/sites/4/2025/01/AUB-pms.png?strip=all&lossy=1&ssl=1","contentUrl":"https://e5gp8rwuod7.exactdn.com/vasteras/wp-content/uploads/sites/4/2025/01/AUB-pms.png?strip=all&lossy=1&ssl=1","width":1894,"height":1165,"caption":"Aktivt Uteliv Björnögården"},"image":{"@id":"https://aktivtuteliv.se/vasteras/#/schema/logo/image/"},"sameAs":["https://www.facebook.com/aktivtutelivbjornogarden","https://x.com/aktivtuteliv","https://www.instagram.com/aktivtuteliv_bjornogarden"]}]}</script>
<!-- / Yoast SEO plugin. -->

Republic R250 skidhjälm - Västerås

En bekväm och uppskattad skidhjälm från Republic som passar juniorer eller dig med lite mindre huvud. Hjälmen är fodrad, har avtagbara öronskydd och går att reglera i nacken för bättre [&hellip;]

Västerås

Aktivt Uteliv Björnögården

Ett friluftscenter i Västerås
