{"id":78747,"date":"2025-05-14T10:46:57","date_gmt":"2025-05-14T08:46:57","guid":{"rendered":"https:\/\/aktivtuteliv.se\/vasteras\/?post_type=product&#038;p=78747"},"modified":"2026-04-16T15:37:17","modified_gmt":"2026-04-16T13:37:17","slug":"silva-ranger-s-kompass","status":"publish","type":"product","link":"https:\/\/aktivtuteliv.se\/vasteras\/produkt\/silva-ranger-s-kompass\/","title":{"rendered":"Silva Ranger S Kompass"},"content":{"rendered":"<p>Kompassen Ranger S \u00e4r en enkel och smidig syfteskompass som anv\u00e4nds och uppskattas av m\u00e5nga utomhusfantaster och \u00e4ventyrare, t.ex. kl\u00e4ttrare, vandrare och j\u00e4gare. Den h\u00e4r kompassen har alla egenskaper\u00a0som beh\u00f6vs\u00a0p\u00e5 \u00e4ventyr.<\/p>\n<p>Ranger S \u00e4r f\u00f6rsedd med greppv\u00e4nlig ring, l\u00f6stagbar halsrem med s\u00e4kerhets\u00f6ppning och sj\u00e4lvlysande markeringar f\u00f6r m\u00f6rkernavigering. P\u00e5 Ranger finns romer-skalorna p\u00e5 basplattan\u00a0f\u00f6r att m\u00e4ta avst\u00e5nd. Skalorna \u00e4r 1:25 000 och 1:50 000.<\/p>\n<p><strong>Kompass med spegel f\u00f6r l\u00e5nga avst\u00e5nd<\/strong><br \/>\nEn syftkompass \u00e4r en kompass med spegel och ger dig m\u00f6jlighet se kompassn\u00e5len tydligt samtidigt som\u00a0man syftar mot en punkt i terr\u00e4ngen. Det g\u00f6r\u00a0det m\u00f6jligt att ta ut mer exakta b\u00e4ringar \u00e4n med en vanlig linjalkompass. Denna typ av kompass \u00e4r som b\u00e4st i \u00f6ppen terr\u00e4ng f\u00f6r att ta ut riktningar \u00f6ver l\u00e5nga avst\u00e5nd.\u00a0Man beh\u00f6ver inte sl\u00e4ppa blicken fr\u00e5n kompassen medan man blickar ut \u00f6ver terr\u00e4ngen.<\/p>\n<p><strong>Lutningskort<\/strong><br \/>\nLutningskortet \u00e4r bra f\u00f6r att uppt\u00e4cka lavinrisk och f\u00f6r att avg\u00f6ra hur utmanande terr\u00e4ngen \u00e4r. Genom att k\u00e4nna till lutningen kan\u00a0man ocks\u00e5 bed\u00f6ma hur mycket l\u00e4ngre str\u00e4ckan blir p\u00e5 grund av lutningen.\u00a0I brant terr\u00e4ng\u00a0\u00e4r det viktigt att vara uppm\u00e4rksam p\u00e5 lavinrisken. Risken \u00f6kar om lutningen \u00e4r mer \u00e4n 30 grader och med lutningskortet\u00a0\u00e4r det l\u00e4ttare att bed\u00f6ma risken.<\/p>\n<p><strong>Specifikation<\/strong><br \/>\n&#8211; Spegelsyftning med syfth\u00e5l \u2013 ger noggranna b\u00e4ringar<br \/>\n&#8211; L\u00f6stagbar halsrem med s\u00e4kerhets\u00f6ppning<br \/>\n&#8211; Greppv\u00e4nlig kompassring i gummi f\u00f6r enkel hantering<br \/>\n&#8211; Kartm\u00e4tskalor; mm, GPS-skalor 1:25 och 1:50<br \/>\n&#8211; Missvisningsskala inne i kapseln \u2013 kan anv\u00e4ndas \u00f6verallt<br \/>\n&#8211; Roterbart kompasshus \u2013 kompatibel med Silva 1-2-3<br \/>\n&#8211; Sj\u00e4lvlysande markeringar \u2013 m\u00f6jligg\u00f6r m\u00f6rkernavigering<br \/>\n&#8211; Slitstarkt material som t\u00e5l de tuffaste v\u00e4rderf\u00f6rh\u00e5llandena<br \/>\n&#8211; Noggrannhet: 1\u00b0<br \/>\n&#8211; M\u00e5tt (cm) 8.8&#215;5.9&#215;1.7<br \/>\n&#8211; L\u00f6stagbar rem medf\u00f6ljer<br \/>\n&#8211; IP-klassificering: Waterproof<br \/>\n&#8211; M\u00e4tskalor: mm1:25000, 1:50000<br \/>\n&#8211; Typ av kompass: syftkompass<br \/>\n&#8211; Anv\u00e4ndarniv\u00e5:\u00a0avancerad<br \/>\n&#8211; Garanti 5 \u00e5r<\/p>\n","protected":false},"excerpt":{"rendered":"<p>Kompassen Ranger S \u00e4r en enkel och smidig syfteskompass som anv\u00e4nds och uppskattas av m\u00e5nga utomhusfantaster och \u00e4ventyrare, t.ex. kl\u00e4ttrare, vandrare och j\u00e4gare. Den h\u00e4r kompassen har alla egenskaper\u00a0som beh\u00f6vs\u00a0p\u00e5 [&hellip;]<\/p>\n","protected":false},"featured_media":78759,"template":"","meta":{"_acf_changed":false},"product_cat":[762,763],"product_tag":[],"er_categories":[],"er_brands":[],"er_seasons":[],"class_list":{"0":"post-78747","1":"product","2":"type-product","3":"status-publish","4":"has-post-thumbnail","6":"product_cat-friluftsliv","7":"product_cat-utrustning","8":"product_shipping_class-normal","9":"pa_marke-silva","10":"pa_sasong-1454","12":"first","13":"instock","14":"taxable","15":"shipping-taxable","16":"purchasable","17":"product-type-simple"},"acf":[],"yoast_head":"<!-- This site is optimized with the Yoast SEO plugin v23.0 - https:\/\/yoast.com\/wordpress\/plugins\/seo\/ -->\n<title>Silva Ranger S Kompass - V\u00e4ster\u00e5s<\/title>\n<meta name=\"robots\" content=\"index, follow, max-snippet:-1, max-image-preview:large, max-video-preview:-1\" \/>\n<link rel=\"canonical\" href=\"https:\/\/aktivtuteliv.se\/vasteras\/produkt\/silva-ranger-s-kompass\/\" \/>\n<meta property=\"og:locale\" content=\"sv_SE\" \/>\n<meta property=\"og:type\" content=\"article\" \/>\n<meta property=\"og:title\" content=\"Silva Ranger S Kompass - V\u00e4ster\u00e5s\" \/>\n<meta property=\"og:description\" content=\"Kompassen Ranger S \u00e4r en enkel och smidig syfteskompass som anv\u00e4nds och uppskattas av m\u00e5nga utomhusfantaster och \u00e4ventyrare, t.ex. kl\u00e4ttrare, vandrare och j\u00e4gare. Den h\u00e4r kompassen har alla egenskaper\u00a0som beh\u00f6vs\u00a0p\u00e5 [&hellip;]\" \/>\n<meta property=\"og:url\" content=\"https:\/\/aktivtuteliv.se\/vasteras\/produkt\/silva-ranger-s-kompass\/\" \/>\n<meta property=\"og:site_name\" content=\"V\u00e4ster\u00e5s\" \/>\n<meta property=\"article:publisher\" content=\"https:\/\/www.facebook.com\/aktivtutelivbjornogarden\" \/>\n<meta property=\"article:modified_time\" content=\"2026-04-16T13:37:17+00:00\" \/>\n<meta property=\"og:image\" content=\"https:\/\/aktivtuteliv.se\/vasteras\/wp-content\/uploads\/sites\/4\/2025\/05\/SIK-37467-Ranger-S-00.png\" \/>\n\t<meta property=\"og:image:width\" content=\"2400\" \/>\n\t<meta property=\"og:image:height\" content=\"2400\" \/>\n\t<meta property=\"og:image:type\" content=\"image\/png\" \/>\n<meta name=\"twitter:card\" content=\"summary_large_image\" \/>\n<meta name=\"twitter:site\" content=\"@aktivtuteliv\" \/>\n<meta name=\"twitter:label1\" content=\"Ber\u00e4knad l\u00e4stid\" \/>\n\t<meta name=\"twitter:data1\" content=\"2 minuter\" \/>\n<script type=\"application\/ld+json\" class=\"yoast-schema-graph\">{\"@context\":\"https:\/\/schema.org\",\"@graph\":[{\"@type\":\"WebPage\",\"@id\":\"https:\/\/aktivtuteliv.se\/vasteras\/produkt\/silva-ranger-s-kompass\/\",\"url\":\"https:\/\/aktivtuteliv.se\/vasteras\/produkt\/silva-ranger-s-kompass\/\",\"name\":\"Silva Ranger S Kompass - V\u00e4ster\u00e5s\",\"isPartOf\":{\"@id\":\"https:\/\/aktivtuteliv.se\/vasteras\/#website\"},\"primaryImageOfPage\":{\"@id\":\"https:\/\/aktivtuteliv.se\/vasteras\/produkt\/silva-ranger-s-kompass\/#primaryimage\"},\"image\":{\"@id\":\"https:\/\/aktivtuteliv.se\/vasteras\/produkt\/silva-ranger-s-kompass\/#primaryimage\"},\"thumbnailUrl\":\"https:\/\/e5gp8rwuod7.exactdn.com\/vasteras\/wp-content\/uploads\/sites\/4\/2025\/05\/SIK-37467-Ranger-S-00.png?strip=all&lossy=1&ssl=1\",\"datePublished\":\"2025-05-14T08:46:57+00:00\",\"dateModified\":\"2026-04-16T13:37:17+00:00\",\"breadcrumb\":{\"@id\":\"https:\/\/aktivtuteliv.se\/vasteras\/produkt\/silva-ranger-s-kompass\/#breadcrumb\"},\"inLanguage\":\"sv-SE\",\"potentialAction\":[{\"@type\":\"ReadAction\",\"target\":[\"https:\/\/aktivtuteliv.se\/vasteras\/produkt\/silva-ranger-s-kompass\/\"]}]},{\"@type\":\"ImageObject\",\"inLanguage\":\"sv-SE\",\"@id\":\"https:\/\/aktivtuteliv.se\/vasteras\/produkt\/silva-ranger-s-kompass\/#primaryimage\",\"url\":\"https:\/\/e5gp8rwuod7.exactdn.com\/vasteras\/wp-content\/uploads\/sites\/4\/2025\/05\/SIK-37467-Ranger-S-00.png?strip=all&lossy=1&ssl=1\",\"contentUrl\":\"https:\/\/e5gp8rwuod7.exactdn.com\/vasteras\/wp-content\/uploads\/sites\/4\/2025\/05\/SIK-37467-Ranger-S-00.png?strip=all&lossy=1&ssl=1\",\"width\":2400,\"height\":2400},{\"@type\":\"BreadcrumbList\",\"@id\":\"https:\/\/aktivtuteliv.se\/vasteras\/produkt\/silva-ranger-s-kompass\/#breadcrumb\",\"itemListElement\":[{\"@type\":\"ListItem\",\"position\":1,\"name\":\"Home\",\"item\":\"https:\/\/aktivtuteliv.se\/vasteras\/\"},{\"@type\":\"ListItem\",\"position\":2,\"name\":\"Webbutik\",\"item\":\"https:\/\/aktivtuteliv.se\/vasteras\/butik\/\"},{\"@type\":\"ListItem\",\"position\":3,\"name\":\"Silva Ranger S Kompass\"}]},{\"@type\":\"WebSite\",\"@id\":\"https:\/\/aktivtuteliv.se\/vasteras\/#website\",\"url\":\"https:\/\/aktivtuteliv.se\/vasteras\/\",\"name\":\"Aktivt Uteliv Bj\u00f6rn\u00f6g\u00e5rden\",\"description\":\"Ett friluftscenter i V\u00e4ster\u00e5s\",\"publisher\":{\"@id\":\"https:\/\/aktivtuteliv.se\/vasteras\/#organization\"},\"potentialAction\":[{\"@type\":\"SearchAction\",\"target\":{\"@type\":\"EntryPoint\",\"urlTemplate\":\"https:\/\/aktivtuteliv.se\/vasteras\/?s={search_term_string}\"},\"query-input\":\"required name=search_term_string\"}],\"inLanguage\":\"sv-SE\"},{\"@type\":\"Organization\",\"@id\":\"https:\/\/aktivtuteliv.se\/vasteras\/#organization\",\"name\":\"Aktivt Uteliv Bj\u00f6rn\u00f6g\u00e5rden\",\"url\":\"https:\/\/aktivtuteliv.se\/vasteras\/\",\"logo\":{\"@type\":\"ImageObject\",\"inLanguage\":\"sv-SE\",\"@id\":\"https:\/\/aktivtuteliv.se\/vasteras\/#\/schema\/logo\/image\/\",\"url\":\"https:\/\/e5gp8rwuod7.exactdn.com\/vasteras\/wp-content\/uploads\/sites\/4\/2025\/01\/AUB-pms.png?strip=all&lossy=1&ssl=1\",\"contentUrl\":\"https:\/\/e5gp8rwuod7.exactdn.com\/vasteras\/wp-content\/uploads\/sites\/4\/2025\/01\/AUB-pms.png?strip=all&lossy=1&ssl=1\",\"width\":1894,\"height\":1165,\"caption\":\"Aktivt Uteliv Bj\u00f6rn\u00f6g\u00e5rden\"},\"image\":{\"@id\":\"https:\/\/aktivtuteliv.se\/vasteras\/#\/schema\/logo\/image\/\"},\"sameAs\":[\"https:\/\/www.facebook.com\/aktivtutelivbjornogarden\",\"https:\/\/x.com\/aktivtuteliv\",\"https:\/\/www.instagram.com\/aktivtuteliv_bjornogarden\"]}]}<\/script>\n<!-- \/ Yoast SEO plugin. -->","yoast_head_json":{"title":"Silva Ranger S Kompass - V\u00e4ster\u00e5s","robots":{"index":"index","follow":"follow","max-snippet":"max-snippet:-1","max-image-preview":"max-image-preview:large","max-video-preview":"max-video-preview:-1"},"canonical":"https:\/\/aktivtuteliv.se\/vasteras\/produkt\/silva-ranger-s-kompass\/","og_locale":"sv_SE","og_type":"article","og_title":"Silva Ranger S Kompass - V\u00e4ster\u00e5s","og_description":"Kompassen Ranger S \u00e4r en enkel och smidig syfteskompass som anv\u00e4nds och uppskattas av m\u00e5nga utomhusfantaster och \u00e4ventyrare, t.ex. kl\u00e4ttrare, vandrare och j\u00e4gare. Den h\u00e4r kompassen har alla egenskaper\u00a0som beh\u00f6vs\u00a0p\u00e5 [&hellip;]","og_url":"https:\/\/aktivtuteliv.se\/vasteras\/produkt\/silva-ranger-s-kompass\/","og_site_name":"V\u00e4ster\u00e5s","article_publisher":"https:\/\/www.facebook.com\/aktivtutelivbjornogarden","article_modified_time":"2026-04-16T13:37:17+00:00","og_image":[{"width":2400,"height":2400,"url":"https:\/\/aktivtuteliv.se\/vasteras\/wp-content\/uploads\/sites\/4\/2025\/05\/SIK-37467-Ranger-S-00.png","type":"image\/png"}],"twitter_card":"summary_large_image","twitter_site":"@aktivtuteliv","twitter_misc":{"Ber\u00e4knad l\u00e4stid":"2 minuter"},"schema":{"@context":"https:\/\/schema.org","@graph":[{"@type":"WebPage","@id":"https:\/\/aktivtuteliv.se\/vasteras\/produkt\/silva-ranger-s-kompass\/","url":"https:\/\/aktivtuteliv.se\/vasteras\/produkt\/silva-ranger-s-kompass\/","name":"Silva Ranger S Kompass - V\u00e4ster\u00e5s","isPartOf":{"@id":"https:\/\/aktivtuteliv.se\/vasteras\/#website"},"primaryImageOfPage":{"@id":"https:\/\/aktivtuteliv.se\/vasteras\/produkt\/silva-ranger-s-kompass\/#primaryimage"},"image":{"@id":"https:\/\/aktivtuteliv.se\/vasteras\/produkt\/silva-ranger-s-kompass\/#primaryimage"},"thumbnailUrl":"https:\/\/e5gp8rwuod7.exactdn.com\/vasteras\/wp-content\/uploads\/sites\/4\/2025\/05\/SIK-37467-Ranger-S-00.png?strip=all&lossy=1&ssl=1","datePublished":"2025-05-14T08:46:57+00:00","dateModified":"2026-04-16T13:37:17+00:00","breadcrumb":{"@id":"https:\/\/aktivtuteliv.se\/vasteras\/produkt\/silva-ranger-s-kompass\/#breadcrumb"},"inLanguage":"sv-SE","potentialAction":[{"@type":"ReadAction","target":["https:\/\/aktivtuteliv.se\/vasteras\/produkt\/silva-ranger-s-kompass\/"]}]},{"@type":"ImageObject","inLanguage":"sv-SE","@id":"https:\/\/aktivtuteliv.se\/vasteras\/produkt\/silva-ranger-s-kompass\/#primaryimage","url":"https:\/\/e5gp8rwuod7.exactdn.com\/vasteras\/wp-content\/uploads\/sites\/4\/2025\/05\/SIK-37467-Ranger-S-00.png?strip=all&lossy=1&ssl=1","contentUrl":"https:\/\/e5gp8rwuod7.exactdn.com\/vasteras\/wp-content\/uploads\/sites\/4\/2025\/05\/SIK-37467-Ranger-S-00.png?strip=all&lossy=1&ssl=1","width":2400,"height":2400},{"@type":"BreadcrumbList","@id":"https:\/\/aktivtuteliv.se\/vasteras\/produkt\/silva-ranger-s-kompass\/#breadcrumb","itemListElement":[{"@type":"ListItem","position":1,"name":"Home","item":"https:\/\/aktivtuteliv.se\/vasteras\/"},{"@type":"ListItem","position":2,"name":"Webbutik","item":"https:\/\/aktivtuteliv.se\/vasteras\/butik\/"},{"@type":"ListItem","position":3,"name":"Silva Ranger S Kompass"}]},{"@type":"WebSite","@id":"https:\/\/aktivtuteliv.se\/vasteras\/#website","url":"https:\/\/aktivtuteliv.se\/vasteras\/","name":"Aktivt Uteliv Bj\u00f6rn\u00f6g\u00e5rden","description":"Ett friluftscenter i V\u00e4ster\u00e5s","publisher":{"@id":"https:\/\/aktivtuteliv.se\/vasteras\/#organization"},"potentialAction":[{"@type":"SearchAction","target":{"@type":"EntryPoint","urlTemplate":"https:\/\/aktivtuteliv.se\/vasteras\/?s={search_term_string}"},"query-input":"required name=search_term_string"}],"inLanguage":"sv-SE"},{"@type":"Organization","@id":"https:\/\/aktivtuteliv.se\/vasteras\/#organization","name":"Aktivt Uteliv Bj\u00f6rn\u00f6g\u00e5rden","url":"https:\/\/aktivtuteliv.se\/vasteras\/","logo":{"@type":"ImageObject","inLanguage":"sv-SE","@id":"https:\/\/aktivtuteliv.se\/vasteras\/#\/schema\/logo\/image\/","url":"https:\/\/e5gp8rwuod7.exactdn.com\/vasteras\/wp-content\/uploads\/sites\/4\/2025\/01\/AUB-pms.png?strip=all&lossy=1&ssl=1","contentUrl":"https:\/\/e5gp8rwuod7.exactdn.com\/vasteras\/wp-content\/uploads\/sites\/4\/2025\/01\/AUB-pms.png?strip=all&lossy=1&ssl=1","width":1894,"height":1165,"caption":"Aktivt Uteliv Bj\u00f6rn\u00f6g\u00e5rden"},"image":{"@id":"https:\/\/aktivtuteliv.se\/vasteras\/#\/schema\/logo\/image\/"},"sameAs":["https:\/\/www.facebook.com\/aktivtutelivbjornogarden","https:\/\/x.com\/aktivtuteliv","https:\/\/www.instagram.com\/aktivtuteliv_bjornogarden"]}]}},"_links":{"self":[{"href":"https:\/\/aktivtuteliv.se\/vasteras\/wp-json\/wp\/v2\/product\/78747","targetHints":{"allow":["GET"]}}],"collection":[{"href":"https:\/\/aktivtuteliv.se\/vasteras\/wp-json\/wp\/v2\/product"}],"about":[{"href":"https:\/\/aktivtuteliv.se\/vasteras\/wp-json\/wp\/v2\/types\/product"}],"wp:featuredmedia":[{"embeddable":true,"href":"https:\/\/aktivtuteliv.se\/vasteras\/wp-json\/wp\/v2\/media\/78759"}],"wp:attachment":[{"href":"https:\/\/aktivtuteliv.se\/vasteras\/wp-json\/wp\/v2\/media?parent=78747"}],"wp:term":[{"taxonomy":"product_cat","embeddable":true,"href":"https:\/\/aktivtuteliv.se\/vasteras\/wp-json\/wp\/v2\/product_cat?post=78747"},{"taxonomy":"product_tag","embeddable":true,"href":"https:\/\/aktivtuteliv.se\/vasteras\/wp-json\/wp\/v2\/product_tag?post=78747"},{"taxonomy":"er_categories","embeddable":true,"href":"https:\/\/aktivtuteliv.se\/vasteras\/wp-json\/wp\/v2\/er_categories?post=78747"},{"taxonomy":"er_brands","embeddable":true,"href":"https:\/\/aktivtuteliv.se\/vasteras\/wp-json\/wp\/v2\/er_brands?post=78747"},{"taxonomy":"er_seasons","embeddable":true,"href":"https:\/\/aktivtuteliv.se\/vasteras\/wp-json\/wp\/v2\/er_seasons?post=78747"}],"curies":[{"name":"wp","href":"https:\/\/api.w.org\/{rel}","templated":true}]}}