{"id":80468,"date":"2025-08-01T10:06:45","date_gmt":"2025-08-01T08:06:45","guid":{"rendered":"https:\/\/aktivtuteliv.se\/vasteras\/?post_type=product&#038;p=80468"},"modified":"2025-12-29T14:50:39","modified_gmt":"2025-12-29T13:50:39","slug":"silva-trekking-poles-aluminum-z-fold","status":"publish","type":"product","link":"https:\/\/aktivtuteliv.se\/vasteras\/produkt\/silva-trekking-poles-aluminum-z-fold\/","title":{"rendered":"Silva Trekking poles aluminum Z-fold"},"content":{"rendered":"<p>De tredelade aluminiumstavarna \u00e4r hopf\u00e4llbara och l\u00e4tta f\u00f6r minimal packvikt. Med justerbar l\u00e4ngd fr\u00e5n 115 till 135 cm, bekv\u00e4ma handtag av skumgummi och kork samt justerbara handremmar, ger de stabilitet och st\u00f6d under vandring.<\/p>\n<p>Trekkingstavarna \u00e4r enkla att f\u00e4lla ihop och b\u00e4ra med vid behov. Ihopf\u00e4llda m\u00e4ter de 37 cm och utf\u00e4llda kan l\u00e4ngden justeras mellan 115 och 135 cm. Tillverkade av h\u00f6gkvalitativt aluminium med en vikt p\u00e5 endast 280 g per stav.<\/p>\n<p>Extra l\u00e5nga handtag g\u00f6r det enkelt att anpassa greppet efter terr\u00e4ngen. Handtagen \u00e4r tillverkade i slitstarkt och bekv\u00e4mt skumgummi och kork, medan de mjuka, justerbara handremmarna ger optimal komfort och st\u00f6d. Stavarna \u00e4r utrustade med konkava karbidspetsar f\u00f6r maximalt grepp p\u00e5 h\u00e5rt underlag och kan anpassas med de medf\u00f6ljande sn\u00f6trugorna eller gummif\u00f6tterna.<\/p>\n<p><strong>Specifikation<\/strong><br \/>\n&#8211;\u00a0Handtag tillverkade av slitstarkt skumgummi och kork<br \/>\n&#8211; Gummif\u00f6tter\u00a0och\u00a0trugor medf\u00f6ljer<br \/>\n&#8211; L\u00e4ngd: 115 till 135 cm<br \/>\n&#8211; M\u00e5tt ihopf\u00e4llda: 37 cm<br \/>\n&#8211; Material:\u00a0h\u00f6gkvalitativt aluminium<br \/>\n&#8211; Vikt:\u00a0280 g (per stav)<\/p>\n","protected":false},"excerpt":{"rendered":"<p>De tredelade aluminiumstavarna \u00e4r hopf\u00e4llbara och l\u00e4tta f\u00f6r minimal packvikt. Med justerbar l\u00e4ngd fr\u00e5n 115 till 135 cm, bekv\u00e4ma handtag av skumgummi och kork samt justerbara handremmar, ger de stabilitet [&hellip;]<\/p>\n","protected":false},"featured_media":80473,"template":"","meta":{"_acf_changed":false},"product_cat":[762,763,1396],"product_tag":[],"er_categories":[],"er_brands":[],"er_seasons":[],"class_list":{"0":"post-80468","1":"product","2":"type-product","3":"status-publish","4":"has-post-thumbnail","6":"product_cat-friluftsliv","7":"product_cat-utrustning","8":"product_cat-rea","9":"product_shipping_class-normal","10":"pa_marke-silva","11":"pa_sasong-1279","13":"first","14":"instock","15":"sale","16":"taxable","17":"shipping-taxable","18":"purchasable","19":"product-type-simple"},"acf":[],"yoast_head":"<!-- This site is optimized with the Yoast SEO plugin v23.0 - https:\/\/yoast.com\/wordpress\/plugins\/seo\/ -->\n<title>Silva Trekking poles aluminum Z-fold - V\u00e4ster\u00e5s<\/title>\n<meta name=\"robots\" content=\"index, follow, max-snippet:-1, max-image-preview:large, max-video-preview:-1\" \/>\n<link rel=\"canonical\" href=\"https:\/\/aktivtuteliv.se\/vasteras\/produkt\/silva-trekking-poles-aluminum-z-fold\/\" \/>\n<meta property=\"og:locale\" content=\"sv_SE\" \/>\n<meta property=\"og:type\" content=\"article\" \/>\n<meta property=\"og:title\" content=\"Silva Trekking poles aluminum Z-fold - V\u00e4ster\u00e5s\" \/>\n<meta property=\"og:description\" content=\"De tredelade aluminiumstavarna \u00e4r hopf\u00e4llbara och l\u00e4tta f\u00f6r minimal packvikt. Med justerbar l\u00e4ngd fr\u00e5n 115 till 135 cm, bekv\u00e4ma handtag av skumgummi och kork samt justerbara handremmar, ger de stabilitet [&hellip;]\" \/>\n<meta property=\"og:url\" content=\"https:\/\/aktivtuteliv.se\/vasteras\/produkt\/silva-trekking-poles-aluminum-z-fold\/\" \/>\n<meta property=\"og:site_name\" content=\"V\u00e4ster\u00e5s\" \/>\n<meta property=\"article:publisher\" content=\"https:\/\/www.facebook.com\/aktivtutelivbjornogarden\" \/>\n<meta property=\"article:modified_time\" content=\"2025-12-29T13:50:39+00:00\" \/>\n<meta property=\"og:image\" content=\"https:\/\/aktivtuteliv.se\/vasteras\/wp-content\/uploads\/sites\/4\/2025\/08\/Trekking_aluminum_Z-fold_grey_38519_main_2.png\" \/>\n\t<meta property=\"og:image:width\" content=\"2400\" \/>\n\t<meta property=\"og:image:height\" content=\"2400\" \/>\n\t<meta property=\"og:image:type\" content=\"image\/png\" \/>\n<meta name=\"twitter:card\" content=\"summary_large_image\" \/>\n<meta name=\"twitter:site\" content=\"@aktivtuteliv\" \/>\n<meta name=\"twitter:label1\" content=\"Ber\u00e4knad l\u00e4stid\" \/>\n\t<meta name=\"twitter:data1\" content=\"1 minut\" \/>\n<script type=\"application\/ld+json\" class=\"yoast-schema-graph\">{\"@context\":\"https:\/\/schema.org\",\"@graph\":[{\"@type\":\"WebPage\",\"@id\":\"https:\/\/aktivtuteliv.se\/vasteras\/produkt\/silva-trekking-poles-aluminum-z-fold\/\",\"url\":\"https:\/\/aktivtuteliv.se\/vasteras\/produkt\/silva-trekking-poles-aluminum-z-fold\/\",\"name\":\"Silva Trekking poles aluminum Z-fold - V\u00e4ster\u00e5s\",\"isPartOf\":{\"@id\":\"https:\/\/aktivtuteliv.se\/vasteras\/#website\"},\"primaryImageOfPage\":{\"@id\":\"https:\/\/aktivtuteliv.se\/vasteras\/produkt\/silva-trekking-poles-aluminum-z-fold\/#primaryimage\"},\"image\":{\"@id\":\"https:\/\/aktivtuteliv.se\/vasteras\/produkt\/silva-trekking-poles-aluminum-z-fold\/#primaryimage\"},\"thumbnailUrl\":\"https:\/\/e5gp8rwuod7.exactdn.com\/vasteras\/wp-content\/uploads\/sites\/4\/2025\/08\/Trekking_aluminum_Z-fold_grey_38519_main_2.png?strip=all&lossy=1&ssl=1\",\"datePublished\":\"2025-08-01T08:06:45+00:00\",\"dateModified\":\"2025-12-29T13:50:39+00:00\",\"breadcrumb\":{\"@id\":\"https:\/\/aktivtuteliv.se\/vasteras\/produkt\/silva-trekking-poles-aluminum-z-fold\/#breadcrumb\"},\"inLanguage\":\"sv-SE\",\"potentialAction\":[{\"@type\":\"ReadAction\",\"target\":[\"https:\/\/aktivtuteliv.se\/vasteras\/produkt\/silva-trekking-poles-aluminum-z-fold\/\"]}]},{\"@type\":\"ImageObject\",\"inLanguage\":\"sv-SE\",\"@id\":\"https:\/\/aktivtuteliv.se\/vasteras\/produkt\/silva-trekking-poles-aluminum-z-fold\/#primaryimage\",\"url\":\"https:\/\/e5gp8rwuod7.exactdn.com\/vasteras\/wp-content\/uploads\/sites\/4\/2025\/08\/Trekking_aluminum_Z-fold_grey_38519_main_2.png?strip=all&lossy=1&ssl=1\",\"contentUrl\":\"https:\/\/e5gp8rwuod7.exactdn.com\/vasteras\/wp-content\/uploads\/sites\/4\/2025\/08\/Trekking_aluminum_Z-fold_grey_38519_main_2.png?strip=all&lossy=1&ssl=1\",\"width\":2400,\"height\":2400},{\"@type\":\"BreadcrumbList\",\"@id\":\"https:\/\/aktivtuteliv.se\/vasteras\/produkt\/silva-trekking-poles-aluminum-z-fold\/#breadcrumb\",\"itemListElement\":[{\"@type\":\"ListItem\",\"position\":1,\"name\":\"Home\",\"item\":\"https:\/\/aktivtuteliv.se\/vasteras\/\"},{\"@type\":\"ListItem\",\"position\":2,\"name\":\"Webbutik\",\"item\":\"https:\/\/aktivtuteliv.se\/vasteras\/butik\/\"},{\"@type\":\"ListItem\",\"position\":3,\"name\":\"Silva Trekking poles aluminum Z-fold\"}]},{\"@type\":\"WebSite\",\"@id\":\"https:\/\/aktivtuteliv.se\/vasteras\/#website\",\"url\":\"https:\/\/aktivtuteliv.se\/vasteras\/\",\"name\":\"Aktivt Uteliv Bj\u00f6rn\u00f6g\u00e5rden\",\"description\":\"Ett friluftscenter i V\u00e4ster\u00e5s\",\"publisher\":{\"@id\":\"https:\/\/aktivtuteliv.se\/vasteras\/#organization\"},\"potentialAction\":[{\"@type\":\"SearchAction\",\"target\":{\"@type\":\"EntryPoint\",\"urlTemplate\":\"https:\/\/aktivtuteliv.se\/vasteras\/?s={search_term_string}\"},\"query-input\":\"required name=search_term_string\"}],\"inLanguage\":\"sv-SE\"},{\"@type\":\"Organization\",\"@id\":\"https:\/\/aktivtuteliv.se\/vasteras\/#organization\",\"name\":\"Aktivt Uteliv Bj\u00f6rn\u00f6g\u00e5rden\",\"url\":\"https:\/\/aktivtuteliv.se\/vasteras\/\",\"logo\":{\"@type\":\"ImageObject\",\"inLanguage\":\"sv-SE\",\"@id\":\"https:\/\/aktivtuteliv.se\/vasteras\/#\/schema\/logo\/image\/\",\"url\":\"https:\/\/e5gp8rwuod7.exactdn.com\/vasteras\/wp-content\/uploads\/sites\/4\/2025\/01\/AUB-pms.png?strip=all&lossy=1&ssl=1\",\"contentUrl\":\"https:\/\/e5gp8rwuod7.exactdn.com\/vasteras\/wp-content\/uploads\/sites\/4\/2025\/01\/AUB-pms.png?strip=all&lossy=1&ssl=1\",\"width\":1894,\"height\":1165,\"caption\":\"Aktivt Uteliv Bj\u00f6rn\u00f6g\u00e5rden\"},\"image\":{\"@id\":\"https:\/\/aktivtuteliv.se\/vasteras\/#\/schema\/logo\/image\/\"},\"sameAs\":[\"https:\/\/www.facebook.com\/aktivtutelivbjornogarden\",\"https:\/\/x.com\/aktivtuteliv\",\"https:\/\/www.instagram.com\/aktivtuteliv_bjornogarden\"]}]}<\/script>\n<!-- \/ Yoast SEO plugin. -->","yoast_head_json":{"title":"Silva Trekking poles aluminum Z-fold - V\u00e4ster\u00e5s","robots":{"index":"index","follow":"follow","max-snippet":"max-snippet:-1","max-image-preview":"max-image-preview:large","max-video-preview":"max-video-preview:-1"},"canonical":"https:\/\/aktivtuteliv.se\/vasteras\/produkt\/silva-trekking-poles-aluminum-z-fold\/","og_locale":"sv_SE","og_type":"article","og_title":"Silva Trekking poles aluminum Z-fold - V\u00e4ster\u00e5s","og_description":"De tredelade aluminiumstavarna \u00e4r hopf\u00e4llbara och l\u00e4tta f\u00f6r minimal packvikt. Med justerbar l\u00e4ngd fr\u00e5n 115 till 135 cm, bekv\u00e4ma handtag av skumgummi och kork samt justerbara handremmar, ger de stabilitet [&hellip;]","og_url":"https:\/\/aktivtuteliv.se\/vasteras\/produkt\/silva-trekking-poles-aluminum-z-fold\/","og_site_name":"V\u00e4ster\u00e5s","article_publisher":"https:\/\/www.facebook.com\/aktivtutelivbjornogarden","article_modified_time":"2025-12-29T13:50:39+00:00","og_image":[{"width":2400,"height":2400,"url":"https:\/\/aktivtuteliv.se\/vasteras\/wp-content\/uploads\/sites\/4\/2025\/08\/Trekking_aluminum_Z-fold_grey_38519_main_2.png","type":"image\/png"}],"twitter_card":"summary_large_image","twitter_site":"@aktivtuteliv","twitter_misc":{"Ber\u00e4knad l\u00e4stid":"1 minut"},"schema":{"@context":"https:\/\/schema.org","@graph":[{"@type":"WebPage","@id":"https:\/\/aktivtuteliv.se\/vasteras\/produkt\/silva-trekking-poles-aluminum-z-fold\/","url":"https:\/\/aktivtuteliv.se\/vasteras\/produkt\/silva-trekking-poles-aluminum-z-fold\/","name":"Silva Trekking poles aluminum Z-fold - V\u00e4ster\u00e5s","isPartOf":{"@id":"https:\/\/aktivtuteliv.se\/vasteras\/#website"},"primaryImageOfPage":{"@id":"https:\/\/aktivtuteliv.se\/vasteras\/produkt\/silva-trekking-poles-aluminum-z-fold\/#primaryimage"},"image":{"@id":"https:\/\/aktivtuteliv.se\/vasteras\/produkt\/silva-trekking-poles-aluminum-z-fold\/#primaryimage"},"thumbnailUrl":"https:\/\/e5gp8rwuod7.exactdn.com\/vasteras\/wp-content\/uploads\/sites\/4\/2025\/08\/Trekking_aluminum_Z-fold_grey_38519_main_2.png?strip=all&lossy=1&ssl=1","datePublished":"2025-08-01T08:06:45+00:00","dateModified":"2025-12-29T13:50:39+00:00","breadcrumb":{"@id":"https:\/\/aktivtuteliv.se\/vasteras\/produkt\/silva-trekking-poles-aluminum-z-fold\/#breadcrumb"},"inLanguage":"sv-SE","potentialAction":[{"@type":"ReadAction","target":["https:\/\/aktivtuteliv.se\/vasteras\/produkt\/silva-trekking-poles-aluminum-z-fold\/"]}]},{"@type":"ImageObject","inLanguage":"sv-SE","@id":"https:\/\/aktivtuteliv.se\/vasteras\/produkt\/silva-trekking-poles-aluminum-z-fold\/#primaryimage","url":"https:\/\/e5gp8rwuod7.exactdn.com\/vasteras\/wp-content\/uploads\/sites\/4\/2025\/08\/Trekking_aluminum_Z-fold_grey_38519_main_2.png?strip=all&lossy=1&ssl=1","contentUrl":"https:\/\/e5gp8rwuod7.exactdn.com\/vasteras\/wp-content\/uploads\/sites\/4\/2025\/08\/Trekking_aluminum_Z-fold_grey_38519_main_2.png?strip=all&lossy=1&ssl=1","width":2400,"height":2400},{"@type":"BreadcrumbList","@id":"https:\/\/aktivtuteliv.se\/vasteras\/produkt\/silva-trekking-poles-aluminum-z-fold\/#breadcrumb","itemListElement":[{"@type":"ListItem","position":1,"name":"Home","item":"https:\/\/aktivtuteliv.se\/vasteras\/"},{"@type":"ListItem","position":2,"name":"Webbutik","item":"https:\/\/aktivtuteliv.se\/vasteras\/butik\/"},{"@type":"ListItem","position":3,"name":"Silva Trekking poles aluminum Z-fold"}]},{"@type":"WebSite","@id":"https:\/\/aktivtuteliv.se\/vasteras\/#website","url":"https:\/\/aktivtuteliv.se\/vasteras\/","name":"Aktivt Uteliv Bj\u00f6rn\u00f6g\u00e5rden","description":"Ett friluftscenter i V\u00e4ster\u00e5s","publisher":{"@id":"https:\/\/aktivtuteliv.se\/vasteras\/#organization"},"potentialAction":[{"@type":"SearchAction","target":{"@type":"EntryPoint","urlTemplate":"https:\/\/aktivtuteliv.se\/vasteras\/?s={search_term_string}"},"query-input":"required name=search_term_string"}],"inLanguage":"sv-SE"},{"@type":"Organization","@id":"https:\/\/aktivtuteliv.se\/vasteras\/#organization","name":"Aktivt Uteliv Bj\u00f6rn\u00f6g\u00e5rden","url":"https:\/\/aktivtuteliv.se\/vasteras\/","logo":{"@type":"ImageObject","inLanguage":"sv-SE","@id":"https:\/\/aktivtuteliv.se\/vasteras\/#\/schema\/logo\/image\/","url":"https:\/\/e5gp8rwuod7.exactdn.com\/vasteras\/wp-content\/uploads\/sites\/4\/2025\/01\/AUB-pms.png?strip=all&lossy=1&ssl=1","contentUrl":"https:\/\/e5gp8rwuod7.exactdn.com\/vasteras\/wp-content\/uploads\/sites\/4\/2025\/01\/AUB-pms.png?strip=all&lossy=1&ssl=1","width":1894,"height":1165,"caption":"Aktivt Uteliv Bj\u00f6rn\u00f6g\u00e5rden"},"image":{"@id":"https:\/\/aktivtuteliv.se\/vasteras\/#\/schema\/logo\/image\/"},"sameAs":["https:\/\/www.facebook.com\/aktivtutelivbjornogarden","https:\/\/x.com\/aktivtuteliv","https:\/\/www.instagram.com\/aktivtuteliv_bjornogarden"]}]}},"_links":{"self":[{"href":"https:\/\/aktivtuteliv.se\/vasteras\/wp-json\/wp\/v2\/product\/80468","targetHints":{"allow":["GET"]}}],"collection":[{"href":"https:\/\/aktivtuteliv.se\/vasteras\/wp-json\/wp\/v2\/product"}],"about":[{"href":"https:\/\/aktivtuteliv.se\/vasteras\/wp-json\/wp\/v2\/types\/product"}],"wp:featuredmedia":[{"embeddable":true,"href":"https:\/\/aktivtuteliv.se\/vasteras\/wp-json\/wp\/v2\/media\/80473"}],"wp:attachment":[{"href":"https:\/\/aktivtuteliv.se\/vasteras\/wp-json\/wp\/v2\/media?parent=80468"}],"wp:term":[{"taxonomy":"product_cat","embeddable":true,"href":"https:\/\/aktivtuteliv.se\/vasteras\/wp-json\/wp\/v2\/product_cat?post=80468"},{"taxonomy":"product_tag","embeddable":true,"href":"https:\/\/aktivtuteliv.se\/vasteras\/wp-json\/wp\/v2\/product_tag?post=80468"},{"taxonomy":"er_categories","embeddable":true,"href":"https:\/\/aktivtuteliv.se\/vasteras\/wp-json\/wp\/v2\/er_categories?post=80468"},{"taxonomy":"er_brands","embeddable":true,"href":"https:\/\/aktivtuteliv.se\/vasteras\/wp-json\/wp\/v2\/er_brands?post=80468"},{"taxonomy":"er_seasons","embeddable":true,"href":"https:\/\/aktivtuteliv.se\/vasteras\/wp-json\/wp\/v2\/er_seasons?post=80468"}],"curies":[{"name":"wp","href":"https:\/\/api.w.org\/{rel}","templated":true}]}}